{"id":1003,"date":"2018-11-12T18:20:13","date_gmt":"2018-11-12T17:20:13","guid":{"rendered":"https:\/\/www.asso-resppi.fr\/?page_id=1003"},"modified":"2019-07-07T20:50:53","modified_gmt":"2019-07-07T18:50:53","slug":"les-etapes-clefs-du-developpement-de-lenfant","status":"publish","type":"page","link":"https:\/\/www.asso-resppi.fr\/index.php\/notre-bibliographie\/comprendre-le-developpement-de-nos-enfants\/les-etapes-clefs-du-developpement-de-lenfant\/","title":{"rendered":"Les \u00e9tapes clefs du d\u00e9veloppement de l&rsquo;enfant"},"content":{"rendered":"<p>Documents supports du P&rsquo;tit D\u00e9j. Entre-Parents du 17 novembre 2018<\/p>\n<ul>\n<li>Documents transmis aux participants \u00e0 l&rsquo;issue de la s\u00e9ance :\n<ul>\n<li><a href=\"https:\/\/www.asso-resppi.fr\/index.php\/les-etapes-clefs-du-developpement-de-lenfant\/principaux-domaines-dev-enfants\/\" rel=\"attachment wp-att-1055\">Principaux Domaines-D\u00e9v.Enfants<\/a> : Principaux domaines du d\u00e9veloppement de l&rsquo;enfant entre 5 et 10 ans (extrait du livre d&rsquo;Arnold GESELL &amp; France L.ILG)<\/li>\n<\/ul>\n<\/li>\n<li>Bibliographie :\n<ul>\n<li>Pour adultes\u00a0: L&rsquo;enfant de 5 \u00e0 10 ans : Arnold GESELL &amp; France L.ILG-Edition PUF\/Psychologie d&rsquo;aujourd&rsquo;hui<\/li>\n<li>Pour adultes\u00a0: 6-12 ans, l\u2019\u00e2ge incertain. Mais qu\u2019est-ce qu\u2019ils ont dans la t\u00eate\u00a0? Harry IFERGAN &amp; Rica ETIENNE \/ collection J\u2019ai Lu.<\/li>\n<li>Pour enfants\u00a0: Max et Lili, Bandes dessin\u00e9es, 6-9 ans<\/li>\n<\/ul>\n<\/li>\n<li>Sites internet utiles\u00a0:\n<ul>\n<li>YAPAKA : <a href=\"http:\/\/www.yapaka.be\/\">http:\/\/www.yapaka.be\/<\/a><\/li>\n<\/ul>\n<\/li>\n<\/ul>\n<p style=\"padding-left: 90px;\">&#8211; Pages d\u00e9di\u00e9es au d\u00e9veloppement de l&rsquo;enfant : <a href=\"http:\/\/www.yapaka.be\/thematique\/developpement-de-lenfant\">http:\/\/www.yapaka.be\/thematique\/developpement-de-lenfant<\/a><\/p>\n<p style=\"padding-left: 90px;\">&#8211; Page d\u00e9di\u00e9e au jeu enfant-adulte\u00a0: <a href=\"http:\/\/www.yapaka.be\/campagne\/la-campagne-jeu-taime\">http:\/\/www.yapaka.be\/campagne\/la-campagne-jeu-taime<\/a><\/p>\n<ul>\n<li>Vid\u00e9o diffus\u00e9es<\/li>\n<li><div style=\"width: 480px;\" class=\"wp-video\"><video class=\"wp-video-shortcode\" id=\"video-1003-1\" width=\"480\" height=\"270\" preload=\"metadata\" controls=\"controls\"><source type=\"video\/mp4\" src=\"https:\/\/www.asso-resppi.fr\/wp-content\/uploads\/2018\/11\/120828_marinopoulos_12.mp4?_=1\" \/><a href=\"https:\/\/www.asso-resppi.fr\/wp-content\/uploads\/2018\/11\/120828_marinopoulos_12.mp4\">https:\/\/www.asso-resppi.fr\/wp-content\/uploads\/2018\/11\/120828_marinopoulos_12.mp4<\/a><\/video><\/div><\/li>\n<li><div style=\"width: 480px;\" class=\"wp-video\"><video class=\"wp-video-shortcode\" id=\"video-1003-2\" width=\"480\" height=\"270\" preload=\"metadata\" controls=\"controls\"><source type=\"video\/mp4\" src=\"https:\/\/www.asso-resppi.fr\/wp-content\/uploads\/2018\/11\/120828_marinopoulos_10.mp4?_=2\" \/><a href=\"https:\/\/www.asso-resppi.fr\/wp-content\/uploads\/2018\/11\/120828_marinopoulos_10.mp4\">https:\/\/www.asso-resppi.fr\/wp-content\/uploads\/2018\/11\/120828_marinopoulos_10.mp4<\/a><\/video><\/div><\/li>\n<li>\u00a0Ressources\n<ul>\n<li>\u00c9coute bienveillante sans jugement dans mon entourage ? voisins ? amis ? famille ?<\/li>\n<li>Parfois rencontrer un professionnel (qui \u00e9coute avec confidentialit\u00e9) aide \u00e0 mieux comprendre son enfant et pourquoi en tant que parent on peut se sentir \u00e0 bout\u00a0 et\u00a0 tr\u00e8s seul.<\/li>\n<li>Diff\u00e9rents services utiles sur les sites de la CAF <a href=\"http:\/\/www.mon-enfant.fr\/web\/guest;jsessionid=4CC62B9FA89FE30FD1A2CD7B1983230C\">: mon enfant.fr<\/a> ou de la <a href=\"https:\/\/www.nantes.fr\/laep\">Ville de Nantes<\/a><\/li>\n<\/ul>\n<\/li>\n<\/ul>\n<p>&nbsp;<\/p>\n","protected":false},"excerpt":{"rendered":"<p>Documents supports du P&rsquo;tit D\u00e9j. Entre-Parents du 17 novembre 2018 Documents transmis aux participants \u00e0 l&rsquo;issue de la s\u00e9ance : Principaux Domaines-D\u00e9v.Enfants : Principaux domaines du d\u00e9veloppement de l&rsquo;enfant entre 5 et 10 ans (extrait du livre d&rsquo;Arnold GESELL &amp; France L.ILG) Bibliographie : Pour adultes\u00a0: L&rsquo;enfant de 5 \u00e0 10 ans : Arnold GESELL [&hellip;]<\/p>\n","protected":false},"author":2,"featured_media":0,"parent":1654,"menu_order":0,"comment_status":"closed","ping_status":"closed","template":"","meta":{"footnotes":""},"class_list":["post-1003","page","type-page","status-publish","hentry"],"_links":{"self":[{"href":"https:\/\/www.asso-resppi.fr\/index.php\/wp-json\/wp\/v2\/pages\/1003","targetHints":{"allow":["GET"]}}],"collection":[{"href":"https:\/\/www.asso-resppi.fr\/index.php\/wp-json\/wp\/v2\/pages"}],"about":[{"href":"https:\/\/www.asso-resppi.fr\/index.php\/wp-json\/wp\/v2\/types\/page"}],"author":[{"embeddable":true,"href":"https:\/\/www.asso-resppi.fr\/index.php\/wp-json\/wp\/v2\/users\/2"}],"replies":[{"embeddable":true,"href":"https:\/\/www.asso-resppi.fr\/index.php\/wp-json\/wp\/v2\/comments?post=1003"}],"version-history":[{"count":6,"href":"https:\/\/www.asso-resppi.fr\/index.php\/wp-json\/wp\/v2\/pages\/1003\/revisions"}],"predecessor-version":[{"id":1053,"href":"https:\/\/www.asso-resppi.fr\/index.php\/wp-json\/wp\/v2\/pages\/1003\/revisions\/1053"}],"up":[{"embeddable":true,"href":"https:\/\/www.asso-resppi.fr\/index.php\/wp-json\/wp\/v2\/pages\/1654"}],"wp:attachment":[{"href":"https:\/\/www.asso-resppi.fr\/index.php\/wp-json\/wp\/v2\/media?parent=1003"}],"curies":[{"name":"wp","href":"https:\/\/api.w.org\/{rel}","templated":true}]}}