{"id":1111,"date":"2018-11-26T15:43:03","date_gmt":"2018-11-26T14:43:03","guid":{"rendered":"https:\/\/www.asso-resppi.fr\/?page_id=1111"},"modified":"2019-07-07T20:51:21","modified_gmt":"2019-07-07T18:51:21","slug":"gerer-les-crises-chez-lenfant-de-0-a-3-ans","status":"publish","type":"page","link":"https:\/\/www.asso-resppi.fr\/index.php\/notre-bibliographie\/comprendre-le-developpement-de-nos-enfants\/gerer-les-crises-chez-lenfant-de-0-a-3-ans\/","title":{"rendered":"G\u00e9rer les crises chez l&rsquo;enfant de 0 \u00e0 3 ans"},"content":{"rendered":"<p>Documents transmis aux parents participants \u00e0 l&rsquo;issue de la s\u00e9ance :<\/p>\n<ul>\n<li>Livret de YAKAPA : jeu t&rsquo;aime<\/li>\n<\/ul>\n<p><em><a href=\"http:\/\/www.yapaka.be\/livre\/jeu-taime\">http:\/\/www.yapaka.be\/livre\/jeu-taime<\/a><\/em><\/p>\n<ul>\n<li>Bibliographie :\n<ul>\n<li>Catherine GUEGUEN : Vivre heureux avec son enfant <em>(un nouveau regard sur l&rsquo;\u00e9ducation au quotidien gr\u00e2ce aux neurosciences affectives)<\/em><\/li>\n<li>Isabelle FILLOZAT : j&rsquo;ai tout essay\u00e9 ! Opposition, pleurs et crises de rage : traverser la p\u00e9riode de &amp; \u00e0 5 ans<\/li>\n<li>Isabelle FILLOZAT : se faire ob\u00e9ir sans crier !<\/li>\n<li>Isabelle FILLOZAT : Il n&rsquo;y a pas de parent parfait !<\/li>\n<li>Sandrine CATALAN-MASSE &amp; Rafi KOJAYAN : Eduquer sans crier !<\/li>\n<li>Gis\u00e8le GEORGE &amp;Odile JACOB : Mon enfant s&rsquo;oppose, que dire, que faire ?<\/li>\n<li>Daniel MARCELLI : C&rsquo;est en disant NON, qu&rsquo;on s&rsquo;affirme<\/li>\n<li>Bien comprendre les besoins de votre enfant Dr Aletha Solter \u00e9dition Jouvence 2007<\/li>\n<li>Pleurs et col\u00e8res des enfants et b\u00e9b\u00e9s Dr\u00a0 Aletha Solter\u00a0 \u00e9dition Jouvence\u00a0 1999<\/li>\n<\/ul>\n<\/li>\n<li>Sites internet utiles\u00a0:\n<ul>\n<li><a href=\"http:\/\/www.parentalite-consiente.com\">parentalite-consiente.com<\/a> \u2013 Isabelle FILLOZAT<\/li>\n<li>yakapa.be<\/li>\n<li>Le site de Pierre BORDABERRY :https:\/\/www.bordaberrydocpsy.com\/<\/li>\n<\/ul>\n<\/li>\n<li>Lire avec les enfants :\n<ul>\n<li>Avant d&rsquo;aller au\u00a0 lit de Brigitte Weninger et Yusuke Yonezu<\/li>\n<li>Au lit les enfants texte de Patrick Gelot\u00a0\u00a0 Encore une fois!\u00a0 MFG\u00a0 \u00e9ducation<\/li>\n<li>Petit ours brun dit NON Bayard \u00e9ditions Pomme d&rsquo;Api<\/li>\n<li>Le roi \u00ab\u00a0NON NON \u00ab\u00a0Alex Sanders collection Giboul\u00e9es<\/li>\n<li>J&rsquo;apprends \u00e0 dire OUI Madeleine Brunelet collection premiers\u00a0 mot de la vie\u00a0 Fleurus<\/li>\n<li>Les col\u00e8res : Catherine DOLTO-Giboul\u00e9es \u2013Galimard jeunesse<\/li>\n<\/ul>\n<\/li>\n<li>Petit coup de pouce :\n<ul>\n<li>Les lieux d&rsquo;accueil \u00ab\u00a0enfants-parents\u00a0\u00bb de l&rsquo;agglom\u00e9ration nantaise<\/li>\n<li>Personnes ressources dans mon entourage ? voisins ? amis ? famille ?<\/li>\n<li>Parfois rencontrer un professionnel (qui \u00e9coute avec confidentialit\u00e9) aide \u00e0 mieux comprendre son enfant et pourquoi en tant que parent on peut se sentir \u00e0\u00a0 bout\u00a0 et\u00a0 tr\u00e8s seul.<\/li>\n<li>Diff\u00e9rents services utiles sur les sites de la CAF <a href=\"http:\/\/www.mon-enfant.fr\/web\/guest;jsessionid=4CC62B9FA89FE30FD1A2CD7B1983230C\">: mon enfant.fr<\/a> ou de la <a href=\"https:\/\/www.nantes.fr\/laep\">Ville de Nantes<\/a><\/li>\n<\/ul>\n<\/li>\n<\/ul>\n","protected":false},"excerpt":{"rendered":"<p>Documents transmis aux parents participants \u00e0 l&rsquo;issue de la s\u00e9ance : Livret de YAKAPA : jeu t&rsquo;aime http:\/\/www.yapaka.be\/livre\/jeu-taime Bibliographie : Catherine GUEGUEN : Vivre heureux avec son enfant (un nouveau regard sur l&rsquo;\u00e9ducation au quotidien gr\u00e2ce aux neurosciences affectives) Isabelle FILLOZAT : j&rsquo;ai tout essay\u00e9 ! Opposition, pleurs et crises de rage : traverser la [&hellip;]<\/p>\n","protected":false},"author":2,"featured_media":0,"parent":1654,"menu_order":0,"comment_status":"closed","ping_status":"closed","template":"","meta":{"footnotes":""},"class_list":["post-1111","page","type-page","status-publish","hentry"],"_links":{"self":[{"href":"https:\/\/www.asso-resppi.fr\/index.php\/wp-json\/wp\/v2\/pages\/1111","targetHints":{"allow":["GET"]}}],"collection":[{"href":"https:\/\/www.asso-resppi.fr\/index.php\/wp-json\/wp\/v2\/pages"}],"about":[{"href":"https:\/\/www.asso-resppi.fr\/index.php\/wp-json\/wp\/v2\/types\/page"}],"author":[{"embeddable":true,"href":"https:\/\/www.asso-resppi.fr\/index.php\/wp-json\/wp\/v2\/users\/2"}],"replies":[{"embeddable":true,"href":"https:\/\/www.asso-resppi.fr\/index.php\/wp-json\/wp\/v2\/comments?post=1111"}],"version-history":[{"count":6,"href":"https:\/\/www.asso-resppi.fr\/index.php\/wp-json\/wp\/v2\/pages\/1111\/revisions"}],"predecessor-version":[{"id":1141,"href":"https:\/\/www.asso-resppi.fr\/index.php\/wp-json\/wp\/v2\/pages\/1111\/revisions\/1141"}],"up":[{"embeddable":true,"href":"https:\/\/www.asso-resppi.fr\/index.php\/wp-json\/wp\/v2\/pages\/1654"}],"wp:attachment":[{"href":"https:\/\/www.asso-resppi.fr\/index.php\/wp-json\/wp\/v2\/media?parent=1111"}],"curies":[{"name":"wp","href":"https:\/\/api.w.org\/{rel}","templated":true}]}}