{"id":1272,"date":"2019-04-16T19:00:16","date_gmt":"2019-04-16T17:00:16","guid":{"rendered":"https:\/\/www.asso-resppi.fr\/?page_id=1272"},"modified":"2023-05-10T21:19:21","modified_gmt":"2023-05-10T19:19:21","slug":"lecture","status":"publish","type":"page","link":"https:\/\/www.asso-resppi.fr\/index.php\/themes_actions\/lecture\/","title":{"rendered":"La lecture de nos enfants &#038; petits-enfants"},"content":{"rendered":"<p>Pour le premier parcours de l\u2019ann\u00e9e, RES\u2019PPI+ s\u2019est associ\u00e9 au <a href=\"https:\/\/loeildumonde.fr\/festival\/\">Festival L\u2019\u0153il du Monde.<\/a> en partenariat avec le <a href=\"https:\/\/www.lelieuunique.com\/\">Lieu Unique.<\/a> D\u00e9di\u00e9 \u00e0 la lecture jeunesse (0-15 ans), cette manifestation multiculturelle port\u00e9e par les <strong>\u00c9ditions MeMo<\/strong> et soutenue par la Ville de Nantes, la R\u00e9gion Pays de la Loire et la DRAC, s&rsquo;est d\u00e9roul\u00e9e du 25 mars au 23 avril au Lieu Unique et dans 40 biblioth\u00e8ques partenaires.<\/p>\n<p><em><span style=\"color: #0000ff;\"><strong>Pourquoi lire est important pour le d\u00e9veloppement intellectuel mais aussi social\u00a0de mon enfant ?<\/strong><\/span><\/em><\/p>\n<ul>\n<li><em><span style=\"color: #0000ff;\"><strong>Comment accompagner son entr\u00e9e dans la lecture\u00a0?<\/strong><\/span><\/em><\/li>\n<li><em><span style=\"color: #0000ff;\"><strong>Quels livres proposer\u00a0?<\/strong><\/span><\/em><\/li>\n<li><em><span style=\"color: #0000ff;\"><strong>Comment partager le go\u00fbt de la lecture avec mon petit-fils\u00a0ou ma petite fille ?<\/strong><\/span><\/em><\/li>\n<\/ul>\n<p>Ce premier parcours a \u00e9t\u00e9 con\u00e7u pour \u00e9changer autour de la lecture enfantine et jeunesse, mais aussi pour <strong>exp\u00e9rimenter en famille<\/strong> !<\/p>\n<p><a href=\"https:\/\/www.asso-resppi.fr\/index.php\/2023\/03\/19\/demandez-le-programme\/programme\/\" rel=\"attachment wp-att-2305\"><img loading=\"lazy\" decoding=\"async\" class=\"alignnone size-medium wp-image-2305\" src=\"https:\/\/www.asso-resppi.fr\/wp-content\/uploads\/2023\/03\/Programme-213x300.jpg\" alt=\"\" width=\"213\" height=\"300\" srcset=\"https:\/\/www.asso-resppi.fr\/wp-content\/uploads\/2023\/03\/Programme-213x300.jpg 213w, https:\/\/www.asso-resppi.fr\/wp-content\/uploads\/2023\/03\/Programme.jpg 484w\" sizes=\"auto, (max-width: 213px) 100vw, 213px\" \/><\/a><a href=\"https:\/\/www.asso-resppi.fr\/index.php\/2023\/03\/19\/demandez-le-programme\/pause-kawa-3\/\" rel=\"attachment wp-att-2306\"><img loading=\"lazy\" decoding=\"async\" class=\"alignnone size-medium wp-image-2306\" src=\"https:\/\/www.asso-resppi.fr\/wp-content\/uploads\/2023\/03\/Pause-Kawa-211x300.jpg\" alt=\"\" width=\"211\" height=\"300\" srcset=\"https:\/\/www.asso-resppi.fr\/wp-content\/uploads\/2023\/03\/Pause-Kawa-211x300.jpg 211w, https:\/\/www.asso-resppi.fr\/wp-content\/uploads\/2023\/03\/Pause-Kawa.jpg 480w\" sizes=\"auto, (max-width: 211px) 100vw, 211px\" \/><\/a><a href=\"https:\/\/www.asso-resppi.fr\/index.php\/2023\/03\/19\/demandez-le-programme\/ateliers-expo-conf\/\" rel=\"attachment wp-att-2307\"><img loading=\"lazy\" decoding=\"async\" class=\"alignnone size-medium wp-image-2307\" src=\"https:\/\/www.asso-resppi.fr\/wp-content\/uploads\/2023\/03\/Ateliers-Expo-Conf-211x300.jpg\" alt=\"\" width=\"211\" height=\"300\" srcset=\"https:\/\/www.asso-resppi.fr\/wp-content\/uploads\/2023\/03\/Ateliers-Expo-Conf-211x300.jpg 211w, https:\/\/www.asso-resppi.fr\/wp-content\/uploads\/2023\/03\/Ateliers-Expo-Conf.jpg 481w\" sizes=\"auto, (max-width: 211px) 100vw, 211px\" \/><\/a><a href=\"https:\/\/www.asso-resppi.fr\/index.php\/2023\/03\/19\/demandez-le-programme\/adresses-inscription\/\" rel=\"attachment wp-att-2308\"><img loading=\"lazy\" decoding=\"async\" class=\"alignnone size-medium wp-image-2308\" src=\"https:\/\/www.asso-resppi.fr\/wp-content\/uploads\/2023\/03\/Adresses-Inscription-212x300.jpg\" alt=\"\" width=\"212\" height=\"300\" srcset=\"https:\/\/www.asso-resppi.fr\/wp-content\/uploads\/2023\/03\/Adresses-Inscription-212x300.jpg 212w, https:\/\/www.asso-resppi.fr\/wp-content\/uploads\/2023\/03\/Adresses-Inscription.jpg 479w\" sizes=\"auto, (max-width: 212px) 100vw, 212px\" \/><\/a><\/p>\n","protected":false},"excerpt":{"rendered":"<p>Pour le premier parcours de l\u2019ann\u00e9e, RES\u2019PPI+ s\u2019est associ\u00e9 au Festival L\u2019\u0153il du Monde. en partenariat avec le Lieu Unique. D\u00e9di\u00e9 \u00e0 la lecture jeunesse (0-15 ans), cette manifestation multiculturelle port\u00e9e par les \u00c9ditions MeMo et soutenue par la Ville de Nantes, la R\u00e9gion Pays de la Loire et la DRAC, s&rsquo;est d\u00e9roul\u00e9e du 25 [&hellip;]<\/p>\n","protected":false},"author":2,"featured_media":2293,"parent":14,"menu_order":0,"comment_status":"closed","ping_status":"closed","template":"","meta":{"footnotes":""},"class_list":["post-1272","page","type-page","status-publish","has-post-thumbnail","hentry"],"_links":{"self":[{"href":"https:\/\/www.asso-resppi.fr\/index.php\/wp-json\/wp\/v2\/pages\/1272","targetHints":{"allow":["GET"]}}],"collection":[{"href":"https:\/\/www.asso-resppi.fr\/index.php\/wp-json\/wp\/v2\/pages"}],"about":[{"href":"https:\/\/www.asso-resppi.fr\/index.php\/wp-json\/wp\/v2\/types\/page"}],"author":[{"embeddable":true,"href":"https:\/\/www.asso-resppi.fr\/index.php\/wp-json\/wp\/v2\/users\/2"}],"replies":[{"embeddable":true,"href":"https:\/\/www.asso-resppi.fr\/index.php\/wp-json\/wp\/v2\/comments?post=1272"}],"version-history":[{"count":20,"href":"https:\/\/www.asso-resppi.fr\/index.php\/wp-json\/wp\/v2\/pages\/1272\/revisions"}],"predecessor-version":[{"id":2345,"href":"https:\/\/www.asso-resppi.fr\/index.php\/wp-json\/wp\/v2\/pages\/1272\/revisions\/2345"}],"up":[{"embeddable":true,"href":"https:\/\/www.asso-resppi.fr\/index.php\/wp-json\/wp\/v2\/pages\/14"}],"wp:featuredmedia":[{"embeddable":true,"href":"https:\/\/www.asso-resppi.fr\/index.php\/wp-json\/wp\/v2\/media\/2293"}],"wp:attachment":[{"href":"https:\/\/www.asso-resppi.fr\/index.php\/wp-json\/wp\/v2\/media?parent=1272"}],"curies":[{"name":"wp","href":"https:\/\/api.w.org\/{rel}","templated":true}]}}

<p>Pour le premier parcours de l’année, RES’PPI+ s’est associé au <a href="https://loeildumonde.fr/festival/">Festival L’œil du Monde.</a> en partenariat avec le <a href="https://www.lelieuunique.com/">Lieu Unique.</a> Dédié à la lecture jeunesse (0-15 ans), cette manifestation multiculturelle portée par les <strong>Éditions MeMo</strong> et soutenue par la Ville de Nantes, la Région Pays de la Loire et la DRAC, s&rsquo;est déroulée du 25 mars au 23 avril au Lieu Unique et dans 40 bibliothèques partenaires.</p>
<p><em><span style="color: #0000ff;"><strong>Pourquoi lire est important pour le développement intellectuel mais aussi social de mon enfant ?</strong></span></em></p>
<ul>
<li><em><span style="color: #0000ff;"><strong>Comment accompagner son entrée dans la lecture ?</strong></span></em></li>
<li><em><span style="color: #0000ff;"><strong>Quels livres proposer ?</strong></span></em></li>
<li><em><span style="color: #0000ff;"><strong>Comment partager le goût de la lecture avec mon petit-fils ou ma petite fille ?</strong></span></em></li>
</ul>
<p>Ce premier parcours a été conçu pour échanger autour de la lecture enfantine et jeunesse, mais aussi pour <strong>expérimenter en famille</strong> !</p>
<p><a href="https://www.asso-resppi.fr/index.php/2023/03/19/demandez-le-programme/programme/" rel="attachment wp-att-2305"><img loading="lazy" decoding="async" class="alignnone size-medium wp-image-2305" src="https://www.asso-resppi.fr/wp-content/uploads/2023/03/Programme-213x300.jpg" alt="" width="213" height="300" srcset="https://www.asso-resppi.fr/wp-content/uploads/2023/03/Programme-213x300.jpg 213w, https://www.asso-resppi.fr/wp-content/uploads/2023/03/Programme.jpg 484w" sizes="auto, (max-width: 213px) 100vw, 213px" /></a><a href="https://www.asso-resppi.fr/index.php/2023/03/19/demandez-le-programme/pause-kawa-3/" rel="attachment wp-att-2306"><img loading="lazy" decoding="async" class="alignnone size-medium wp-image-2306" src="https://www.asso-resppi.fr/wp-content/uploads/2023/03/Pause-Kawa-211x300.jpg" alt="" width="211" height="300" srcset="https://www.asso-resppi.fr/wp-content/uploads/2023/03/Pause-Kawa-211x300.jpg 211w, https://www.asso-resppi.fr/wp-content/uploads/2023/03/Pause-Kawa.jpg 480w" sizes="auto, (max-width: 211px) 100vw, 211px" /></a><a href="https://www.asso-resppi.fr/index.php/2023/03/19/demandez-le-programme/ateliers-expo-conf/" rel="attachment wp-att-2307"><img loading="lazy" decoding="async" class="alignnone size-medium wp-image-2307" src="https://www.asso-resppi.fr/wp-content/uploads/2023/03/Ateliers-Expo-Conf-211x300.jpg" alt="" width="211" height="300" srcset="https://www.asso-resppi.fr/wp-content/uploads/2023/03/Ateliers-Expo-Conf-211x300.jpg 211w, https://www.asso-resppi.fr/wp-content/uploads/2023/03/Ateliers-Expo-Conf.jpg 481w" sizes="auto, (max-width: 211px) 100vw, 211px" /></a><a href="https://www.asso-resppi.fr/index.php/2023/03/19/demandez-le-programme/adresses-inscription/" rel="attachment wp-att-2308"><img loading="lazy" decoding="async" class="alignnone size-medium wp-image-2308" src="https://www.asso-resppi.fr/wp-content/uploads/2023/03/Adresses-Inscription-212x300.jpg" alt="" width="212" height="300" srcset="https://www.asso-resppi.fr/wp-content/uploads/2023/03/Adresses-Inscription-212x300.jpg 212w, https://www.asso-resppi.fr/wp-content/uploads/2023/03/Adresses-Inscription.jpg 479w" sizes="auto, (max-width: 212px) 100vw, 212px" /></a></p>

<p>Pour le premier parcours de l’année, RES’PPI+ s’est associé au Festival L’œil du Monde. en partenariat avec le Lieu Unique. Dédié à la lecture jeunesse (0-15 ans), cette manifestation multiculturelle portée par les Éditions MeMo et soutenue par la Ville de Nantes, la Région Pays de la Loire et la DRAC, s&rsquo;est déroulée du 25 [&hellip;]</p>
