{"id":1302,"date":"2019-02-03T19:26:57","date_gmt":"2019-02-03T18:26:57","guid":{"rendered":"https:\/\/www.asso-resppi.fr\/?page_id=1302"},"modified":"2019-07-07T20:52:09","modified_gmt":"2019-07-07T18:52:09","slug":"ladolescent-e-comment-ca-marche","status":"publish","type":"page","link":"https:\/\/www.asso-resppi.fr\/index.php\/notre-bibliographie\/comprendre-nos-ados-et-leur-environnement\/ladolescent-e-comment-ca-marche\/","title":{"rendered":"L&rsquo;adolescent-e, comment \u00e7a marche ?"},"content":{"rendered":"\r\n<h4 class=\"wp-block-heading\"><br \/><strong>Pour aller plus loin :<\/strong> <strong><br \/><\/strong> <br \/><br \/><strong><em>Bibliographie : <\/em><\/strong><\/h4>\r\n\r\n\r\n\r\n<ul class=\"wp-block-list\">\r\n<li><strong>L&rsquo;adolescent de 10 \u00e0 16 ans <\/strong>(PUF \u00e9d, 4\u00b0 \u00e9dition.1973) Arnold Lucius Gesell, m\u00e9decin am\u00e9ricain et directeur de la Clinique du D\u00e9veloppement de l&rsquo;Enfant (Yale, U.S.A.) est le premier psychologue \u00e0 avoir \u00e9tudi\u00e9 au moyen d&rsquo;une cam\u00e9ra de cin\u00e9ma le d\u00e9veloppement de l&rsquo;enfant de la naissance \u00e0 16 ans (1924). Il a mis en relation les comportements qu&rsquo;il observait avec le degr\u00e9 de maturation du syst\u00e8me nerveux central.<\/li>\r\n<li><strong>La discipline positive pour les adolescents<\/strong> Comment garder le lien et un \u00e9change de qualit\u00e9 avec son adolescent ? Comment le motiver ? Comment l&rsquo;accompagner sans l&rsquo;assister ou le contr\u00f4ler ? Comment d\u00e9velopper des relations bas\u00e9es sur un v\u00e9ritable respect mutuel, sortir des conflits du quotidien et les aider \u00e0 devenir acteurs de leurs vies ? Auteurs : Jane NELSEN &amp;Lynn LOTT- adaptation fran\u00e7aise B\u00e9atrice SABATE<\/li>\r\n<li><strong>Parents d&rsquo;ados, mode d&#8217;emploi : <\/strong>Pour vous aider \u00e0 b\u00e2tir une relation positive avec votre ado, savoir lui parler et traverser ensemble cet \u00e2ge charni\u00e8re de la fa\u00e7on la plus \u00e9panouissante possible, c&rsquo;est un guide pratique (Parution en 2015. Son auteur, Laurence MONCE est coach et naturopathe, form\u00e9e \u00e0 la PNL, \u00e0 la gestion p\u00e9dagogique et mentale, \u00e0 la communication verbale et non-verbale et aux techniques manuelles de bien-\u00eatre.<\/li>\r\n<li><strong>Le cerveau de votre ado, comment il se transforme de 12 \u00e0 24 ans. <\/strong>Ar\u00e8nes (Editions Les) Paru le : 25\/04\/2018. Le Dr Daniel Siegel nous donne les cl\u00e9s pour relever l&rsquo;un des plus grands d\u00e9fis de la parentalit\u00e9 : accueillir l&rsquo;incroyable potentiel de l&rsquo;adolescent, instaurer un dialogue s\u00e9curisant, l&rsquo;aider \u00e0 d\u00e9velopper les facult\u00e9s d&rsquo;introspection et d&#8217;empathie qui feront de lui un adulte \u00e9quilibr\u00e9 et apte au bonheur. Le conflit interg\u00e9n\u00e9rationnel n&rsquo;est pas une fatalit\u00e9!<strong><em>s<\/em><\/strong>\u00a0<\/li>\r\n<\/ul>\r\n\r\n\r\n\r\n<h4 class=\"wp-block-heading\"><em>Sites internet utiles<\/em><\/h4>\r\n\r\n\r\n\r\n<p>e-sante.fr : <a href=\"http:\/\/www.e-sante.fr\/ados-frontiere-borderline\/actualite\/732\">http:\/\/www.e-sante.fr\/ados-frontiere-borderline\/actualite\/732<\/a><\/p>\r\n\r\n\r\n\r\n<p>Ado mode d&#8217;emploi : <a href=\"http:\/\/www.ado-mode-demploi.fr\/infos-ados\/infos-pratiques\/numeros-durgence-special-adolescent\/\">http:\/\/www.ado-mode-demploi.fr\/infos-ados\/infos-pratiques\/numeros-durgence-special-adolescent\/<\/a><\/p>\r\n\r\n\r\n\r\n<p>Site d&rsquo;\u00e9coute des parents : <strong><a href=\"http:\/\/www.alloecouteado.org\/adocavamal\/parent-dado-ca-va-mal\/\">http:\/\/www.alloecouteado.org\/adocavamal\/parent-dado-ca-va-mal\/<\/a><\/strong><\/p>\r\n\r\n\r\n\r\n<p>Yapaka <a href=\"http:\/\/www.yapaka.be\/campagne\/manuel-de-survie-pour-parents-dados-qui-petent-les-plombs\">http:\/\/www.yapaka.be\/campagne\/manuel-de-survie-pour-parents-dados-qui-petent-les-plombs<\/a><\/p>\r\n\r\n\r\n\r\n<p>L&rsquo;Atelier des parents : <a href=\"http:\/\/latelierdesparents.fr\/ateliers-parents-ados-2\/\">http:\/\/latelierdesparents.fr\/ateliers-parents-ados-2\/<\/a><\/p>\r\n\r\n\r\n\r\n<p>Conf\u00e9rence audio \u2013Antoine MASSON : accompagner le passage adolescent (dur\u00e9e : 1 heure) Site yapaka: <a href=\"http:\/\/www.yapaka.be\/content\/adolescence-et-passage-%C3%A0-l%E2%80%99acte\">http:\/\/www.yapaka.be\/content\/adolescence-et-passage-%C3%A0-l%E2%80%99acte<\/a><\/p>\r\n\r\n\r\n\r\n<p>Bayard jeunesse : <a href=\"https:\/\/www.bayard-jeunesse.com\/actualites\/comment-marche-le-cerveau-de-votre-ado\/\">https:\/\/www.bayard-jeunesse.com\/actualites\/comment-marche-le-cerveau-de-votre-ado\/<\/a><\/p>\r\n\r\n\r\n\r\n<p>Autres ressources \u00e0 d\u00e9couvrir pour comprendre ce qui les pr\u00e9occupent<\/p>\r\n\r\n\r\n\r\n<ul class=\"wp-block-list\">\r\n<li>Le blog de 100drine : <a href=\"http:\/\/www.100drine.be\/\">http:\/\/www.100drine.be\/<\/a><\/li>\r\n<li>Le bouquin d&rsquo;Hubert : <a href=\"http:\/\/www.yapaka.be\/adolescents\/publication\/le-bouquin-dhubert-\">http:\/\/www.yapaka.be\/adolescents\/publication\/le-bouquin-dhubert-<\/a><\/li>\r\n<li>Parole d&rsquo;ados.be : <a href=\"https:\/\/www.parolesdados.be\/\">https:\/\/www.parolesdados.be\/<\/a><\/li>\r\n<li>Pour aborder la sexualit\u00e9 : <a href=\"http:\/\/www.onsexprime.fr\/\">http:\/\/www.onsexprime.fr\/<\/a><\/li>\r\n<\/ul>\r\n\r\n\r\n\r\n<h4 class=\"wp-block-heading\"><strong><em>Ressources locales<\/em><\/strong><\/h4>\r\n\r\n\r\n\r\n<p><strong>La maison des adolescents :<\/strong>La Maison d\u00e9partementale des adolescents (MDA) est un lieu d\u2019\u00e9change entre jeunes et professionnels.\u00a0<\/p>\r\n\r\n\r\n\r\n<p><strong>Adresse : <\/strong>7 rue Julien-Videment 44000 Nantes T\u00e9l : 02 40 20 89 65 Courriel : <a href=\"mailto:mda@mda.loire-atlantique.fr\">mda@mda.loire-atlantique.fr\u00a0<\/a>,<a href=\"http:\/\/www.mda44.fr\">Site Internet<\/a><\/p>\r\n\r\n\r\n\r\n<p><strong>Horaires d&rsquo;ouverture :<\/strong> Du lundi au samedi de 13h \u00e0 18h ou sur rendez-vous. (Ferm\u00e9 le samedi pendant les vacances scolaires)<\/p>\r\n\r\n\r\n\r\n<p><strong>L&rsquo;\u00e9cole des parents :<\/strong> <strong><em>Espace Ecoute Jeunes<\/em><\/strong><\/p>\r\n\r\n\r\n\r\n<p>A travers des entretiens avec ou sans rendez-vous, le jeune peut trouver un soutien susceptible de l&rsquo;aider \u00e0 d\u00e9nouer les conflits ou un encouragement \u00e0 une d\u00e9marche vers une consultation sp\u00e9cialis\u00e9e. L&rsquo;E.E.J est un service anonyme et gratuit assur\u00e9 par une \u00e9quipe de psychologues.<\/p>\r\n\r\n\r\n\r\n<p><strong>Horaires d&rsquo;ouverture<\/strong> :<br \/><strong>Le lundi de 14h00 \u00e0 18h00,\u00a0 Le Mercredi de 10h \u00e0 18h00-A<\/strong>vec ou sans rendez vous<\/p>\r\n\r\n\r\n\r\n<p><strong>Adresse<\/strong> : \u00a035 A Rue Paul Bert- 2\u00e8me \u00e9tage- Nantes.<\/p>\r\n\r\n\r\n\r\n<ul class=\"wp-block-list\">\r\n<li>Les Apsyades : <strong><em>Ado Accro\u2026parents \u00e0 bout !\u00a0<\/em><\/strong>Soir\u00e9es d&rsquo;\u00e9changes le 1er et 3\u00e8me mercredi du mois (18 \u00e0 19h30)- \u00a0<a href=\"http:\/\/www.lesapsyades.fr\">www.lesapsyades.fr<\/a><\/li>\r\n<\/ul>\r\n\r\n\r\n\r\n<ul class=\"wp-block-list\">\r\n<li>AABouest\u00a0\u00a0 : Accueil des familles concern\u00e9es par les TCA (troubles du comportement alimentaire)- <a href=\"http:\/\/www.association-anorexie-boulimie-ouest.com\">www.association-anorexie-boulimie-ouest.com<\/a><\/li>\r\n<\/ul>\r\n\r\n\r\n\r\n<ul class=\"wp-block-list\">\r\n<li>Epsylon : \u00a0\u00bb propose \u00ab\u00a0A corps et \u00e0 mots\u00a0\u00bb, des s\u00e9ances de soutien aux adolescents par les techniques de th\u00e9\u00e2tre. <a href=\"http:\/\/www.associationepsylon.com\">www.associationepsylon.com<\/a><\/li>\r\n<\/ul>\r\n","protected":false},"excerpt":{"rendered":"<p>Pour aller plus loin : Bibliographie : L&rsquo;adolescent de 10 \u00e0 16 ans (PUF \u00e9d, 4\u00b0 \u00e9dition.1973) Arnold Lucius Gesell, m\u00e9decin am\u00e9ricain et directeur de la Clinique du D\u00e9veloppement de l&rsquo;Enfant (Yale, U.S.A.) est le premier psychologue \u00e0 avoir \u00e9tudi\u00e9 au moyen d&rsquo;une cam\u00e9ra de cin\u00e9ma le d\u00e9veloppement de l&rsquo;enfant de la naissance \u00e0 16 [&hellip;]<\/p>\n","protected":false},"author":2,"featured_media":0,"parent":1656,"menu_order":0,"comment_status":"closed","ping_status":"closed","template":"","meta":{"footnotes":""},"class_list":["post-1302","page","type-page","status-publish","hentry"],"_links":{"self":[{"href":"https:\/\/www.asso-resppi.fr\/index.php\/wp-json\/wp\/v2\/pages\/1302","targetHints":{"allow":["GET"]}}],"collection":[{"href":"https:\/\/www.asso-resppi.fr\/index.php\/wp-json\/wp\/v2\/pages"}],"about":[{"href":"https:\/\/www.asso-resppi.fr\/index.php\/wp-json\/wp\/v2\/types\/page"}],"author":[{"embeddable":true,"href":"https:\/\/www.asso-resppi.fr\/index.php\/wp-json\/wp\/v2\/users\/2"}],"replies":[{"embeddable":true,"href":"https:\/\/www.asso-resppi.fr\/index.php\/wp-json\/wp\/v2\/comments?post=1302"}],"version-history":[{"count":7,"href":"https:\/\/www.asso-resppi.fr\/index.php\/wp-json\/wp\/v2\/pages\/1302\/revisions"}],"predecessor-version":[{"id":1664,"href":"https:\/\/www.asso-resppi.fr\/index.php\/wp-json\/wp\/v2\/pages\/1302\/revisions\/1664"}],"up":[{"embeddable":true,"href":"https:\/\/www.asso-resppi.fr\/index.php\/wp-json\/wp\/v2\/pages\/1656"}],"wp:attachment":[{"href":"https:\/\/www.asso-resppi.fr\/index.php\/wp-json\/wp\/v2\/media?parent=1302"}],"curies":[{"name":"wp","href":"https:\/\/api.w.org\/{rel}","templated":true}]}}

L&rsquo;adolescent-e, comment ça marche ?

<h4 class="wp-block-heading"><br /><strong>Pour aller plus loin :</strong> <strong><br /></strong> <br /><br /><strong><em>Bibliographie : </em></strong></h4>



<ul class="wp-block-list">
<li><strong>L&rsquo;adolescent de 10 à 16 ans </strong>(PUF éd, 4° édition.1973) Arnold Lucius Gesell, médecin américain et directeur de la Clinique du Développement de l&rsquo;Enfant (Yale, U.S.A.) est le premier psychologue à avoir étudié au moyen d&rsquo;une caméra de cinéma le développement de l&rsquo;enfant de la naissance à 16 ans (1924). Il a mis en relation les comportements qu&rsquo;il observait avec le degré de maturation du système nerveux central.</li>
<li><strong>La discipline positive pour les adolescents</strong> Comment garder le lien et un échange de qualité avec son adolescent ? Comment le motiver ? Comment l&rsquo;accompagner sans l&rsquo;assister ou le contrôler ? Comment développer des relations basées sur un véritable respect mutuel, sortir des conflits du quotidien et les aider à devenir acteurs de leurs vies ? Auteurs : Jane NELSEN &amp;Lynn LOTT- adaptation française Béatrice SABATE</li>
<li><strong>Parents d&rsquo;ados, mode d&#8217;emploi : </strong>Pour vous aider à bâtir une relation positive avec votre ado, savoir lui parler et traverser ensemble cet âge charnière de la façon la plus épanouissante possible, c&rsquo;est un guide pratique (Parution en 2015. Son auteur, Laurence MONCE est coach et naturopathe, formée à la PNL, à la gestion pédagogique et mentale, à la communication verbale et non-verbale et aux techniques manuelles de bien-être.</li>
<li><strong>Le cerveau de votre ado, comment il se transforme de 12 à 24 ans. </strong>Arènes (Editions Les) Paru le : 25/04/2018. Le Dr Daniel Siegel nous donne les clés pour relever l&rsquo;un des plus grands défis de la parentalité : accueillir l&rsquo;incroyable potentiel de l&rsquo;adolescent, instaurer un dialogue sécurisant, l&rsquo;aider à développer les facultés d&rsquo;introspection et d&#8217;empathie qui feront de lui un adulte équilibré et apte au bonheur. Le conflit intergénérationnel n&rsquo;est pas une fatalité!<strong><em>s</em></strong> </li>
</ul>



<h4 class="wp-block-heading"><em>Sites internet utiles</em></h4>



<p>e-sante.fr : <a href="http://www.e-sante.fr/ados-frontiere-borderline/actualite/732">http://www.e-sante.fr/ados-frontiere-borderline/actualite/732</a></p>



<p>Ado mode d&#8217;emploi : <a href="http://www.ado-mode-demploi.fr/infos-ados/infos-pratiques/numeros-durgence-special-adolescent/">http://www.ado-mode-demploi.fr/infos-ados/infos-pratiques/numeros-durgence-special-adolescent/</a></p>



<p>Site d&rsquo;écoute des parents : <strong><a href="http://www.alloecouteado.org/adocavamal/parent-dado-ca-va-mal/">http://www.alloecouteado.org/adocavamal/parent-dado-ca-va-mal/</a></strong></p>



<p>Yapaka <a href="http://www.yapaka.be/campagne/manuel-de-survie-pour-parents-dados-qui-petent-les-plombs">http://www.yapaka.be/campagne/manuel-de-survie-pour-parents-dados-qui-petent-les-plombs</a></p>



<p>L&rsquo;Atelier des parents : <a href="http://latelierdesparents.fr/ateliers-parents-ados-2/">http://latelierdesparents.fr/ateliers-parents-ados-2/</a></p>



<p>Conférence audio –Antoine MASSON : accompagner le passage adolescent (durée : 1 heure) Site yapaka: <a href="http://www.yapaka.be/content/adolescence-et-passage-%C3%A0-l%E2%80%99acte">http://www.yapaka.be/content/adolescence-et-passage-%C3%A0-l%E2%80%99acte</a></p>



<p>Bayard jeunesse : <a href="https://www.bayard-jeunesse.com/actualites/comment-marche-le-cerveau-de-votre-ado/">https://www.bayard-jeunesse.com/actualites/comment-marche-le-cerveau-de-votre-ado/</a></p>



<p>Autres ressources à découvrir pour comprendre ce qui les préoccupent</p>



<ul class="wp-block-list">
<li>Le blog de 100drine : <a href="http://www.100drine.be/">http://www.100drine.be/</a></li>
<li>Le bouquin d&rsquo;Hubert : <a href="http://www.yapaka.be/adolescents/publication/le-bouquin-dhubert-">http://www.yapaka.be/adolescents/publication/le-bouquin-dhubert-</a></li>
<li>Parole d&rsquo;ados.be : <a href="https://www.parolesdados.be/">https://www.parolesdados.be/</a></li>
<li>Pour aborder la sexualité : <a href="http://www.onsexprime.fr/">http://www.onsexprime.fr/</a></li>
</ul>



<h4 class="wp-block-heading"><strong><em>Ressources locales</em></strong></h4>



<p><strong>La maison des adolescents :</strong>La Maison départementale des adolescents (MDA) est un lieu d’échange entre jeunes et professionnels. </p>



<p><strong>Adresse : </strong>7 rue Julien-Videment 44000 Nantes Tél : 02 40 20 89 65 Courriel : <a href="mailto:mda@mda.loire-atlantique.fr">mda@mda.loire-atlantique.fr </a>,<a href="http://www.mda44.fr">Site Internet</a></p>



<p><strong>Horaires d&rsquo;ouverture :</strong> Du lundi au samedi de 13h à 18h ou sur rendez-vous. (Fermé le samedi pendant les vacances scolaires)</p>



<p><strong>L&rsquo;école des parents :</strong> <strong><em>Espace Ecoute Jeunes</em></strong></p>



<p>A travers des entretiens avec ou sans rendez-vous, le jeune peut trouver un soutien susceptible de l&rsquo;aider à dénouer les conflits ou un encouragement à une démarche vers une consultation spécialisée. L&rsquo;E.E.J est un service anonyme et gratuit assuré par une équipe de psychologues.</p>



<p><strong>Horaires d&rsquo;ouverture</strong> :<br /><strong>Le lundi de 14h00 à 18h00,  Le Mercredi de 10h à 18h00-A</strong>vec ou sans rendez vous</p>



<p><strong>Adresse</strong> :  35 A Rue Paul Bert- 2ème étage- Nantes.</p>



<ul class="wp-block-list">
<li>Les Apsyades : <strong><em>Ado Accro…parents à bout ! </em></strong>Soirées d&rsquo;échanges le 1er et 3ème mercredi du mois (18 à 19h30)-  <a href="http://www.lesapsyades.fr">www.lesapsyades.fr</a></li>
</ul>



<ul class="wp-block-list">
<li>AABouest   : Accueil des familles concernées par les TCA (troubles du comportement alimentaire)- <a href="http://www.association-anorexie-boulimie-ouest.com">www.association-anorexie-boulimie-ouest.com</a></li>
</ul>



<ul class="wp-block-list">
<li>Epsylon :  » propose « A corps et à mots », des séances de soutien aux adolescents par les techniques de théâtre. <a href="http://www.associationepsylon.com">www.associationepsylon.com</a></li>
</ul>

<p>Pour aller plus loin : Bibliographie : L&rsquo;adolescent de 10 à 16 ans (PUF éd, 4° édition.1973) Arnold Lucius Gesell, médecin américain et directeur de la Clinique du Développement de l&rsquo;Enfant (Yale, U.S.A.) est le premier psychologue à avoir étudié au moyen d&rsquo;une caméra de cinéma le développement de l&rsquo;enfant de la naissance à 16 [&hellip;]</p>
