{"id":1422,"date":"2019-03-22T10:16:16","date_gmt":"2019-03-22T09:16:16","guid":{"rendered":"https:\/\/www.asso-resppi.fr\/?page_id=1422"},"modified":"2020-12-11T17:53:00","modified_gmt":"2020-12-11T16:53:00","slug":"les-usages-a-risques-de-linternet","status":"publish","type":"page","link":"https:\/\/www.asso-resppi.fr\/index.php\/notre-bibliographie\/comprendre-nos-ados-et-leur-environnement\/les-usages-a-risques-de-linternet\/","title":{"rendered":"Les usages \u00e0 risques de l&rsquo;internet"},"content":{"rendered":"<h4>Surexposition,\u00a0 surconsommation d&rsquo;informations (fake news), rumeurs, etc.<\/h4>\n<p>Le\u00a0 libre acc\u00e8s \u00e0 Internet pour nos enfants &#8230; Pour quels usages ? Pour jouer ?<\/p>\n<p>Comment s&rsquo;informer ? Comment\u00a0 mieux les accompagner ?<\/p>\n<h4><em><span style=\"color: #993366;\">Ces questions et bien d&rsquo;autres encore ont \u00e9t\u00e9 abord\u00e9es au \u00ab\u00a0P&rsquo;tit D\u00e9j Entre-parents\u00a0\u00bb consacr\u00e9 \u00e0 l&rsquo;usage responsable des \u00e9crans !<\/span><\/em><\/h4>\n<p><em>Vous n&rsquo;avez pas pu vous d\u00e9gager du temps pour y participer, pas de souci : d\u00e9couvrez ci-dessous la bibliographie et les sites rep\u00e9r\u00e9s par le bin\u00f4me de parents Res&rsquo;PPI qui avait la charge d&rsquo;animer cette rencontre. <\/em><em>Bonne lecture !<\/em><\/p>\n<h3>Bibliographie<\/h3>\n<ul>\n<li><strong>Touche pas \u00e0 ma vie priv\u00e9e\u00a0! <a href=\"https:\/\/www.asso-resppi.fr\/index.php\/les-usages-a-risques-de-linternet\/cv_touchepasamavieprivee_01_fr-indd\/\" rel=\"attachment wp-att-1424\"><img loading=\"lazy\" decoding=\"async\" class=\" wp-image-1424 alignright\" src=\"https:\/\/www.asso-resppi.fr\/wp-content\/uploads\/2019\/03\/9782226401793-j-225x300.jpg\" alt=\"\" width=\"173\" height=\"231\" srcset=\"https:\/\/www.asso-resppi.fr\/wp-content\/uploads\/2019\/03\/9782226401793-j-225x300.jpg 225w, https:\/\/www.asso-resppi.fr\/wp-content\/uploads\/2019\/03\/9782226401793-j-768x1025.jpg 768w, https:\/\/www.asso-resppi.fr\/wp-content\/uploads\/2019\/03\/9782226401793-j-767x1024.jpg 767w, https:\/\/www.asso-resppi.fr\/wp-content\/uploads\/2019\/03\/9782226401793-j.jpg 1797w\" sizes=\"auto, (max-width: 173px) 100vw, 173px\" \/><\/a><\/strong><\/li>\n<\/ul>\n<p>Auteure : Tanya Lloyd Kyi edition : Albin Michel (31\/01\/2018)<\/p>\n<p><em>Tu instagrames la moindre de tes soir\u00e9es, partages tes \u00e9tats d\u2019\u00e2me dans tes stories Snapchat et diss\u00e9mines tes coordonn\u00e9es sur des formulaires d\u2019inscription en ligne\u00a0?<br \/>\nSais-tu qu\u2019aujourd\u2019hui, lorsque tu te connectes \u00e0 internet, tes moindres faits et gestes sont surveill\u00e9s\u00a0? Chaque fois que tu cliques, likes, partages&#8230;<\/em><\/p>\n<ul>\n<li><em>\u00a0<\/em><strong>Tous connect\u00e9s !<\/strong><\/li>\n<\/ul>\n<p>Auteure : Mathilde Giard &amp; Illustrateur : Marygribouille Editions : Bulle d&rsquo;air<\/p>\n<p><em>Illustr\u00e9 de mani\u00e8re humoristique, ce livre r\u00e9pond aux questions que se posent les enfants (et leurs parents !) sur Internet et les r\u00e9seaux sociaux.<\/em><\/p>\n<p><em><a href=\"https:\/\/www.asso-resppi.fr\/index.php\/les-usages-a-risques-de-linternet\/139106_couverture_hres_0\/\" rel=\"attachment wp-att-1423\"><img loading=\"lazy\" decoding=\"async\" class=\" wp-image-1423 alignleft\" src=\"https:\/\/www.asso-resppi.fr\/wp-content\/uploads\/2019\/03\/139106_couverture_Hres_0-225x300.jpg\" alt=\"\" width=\"158\" height=\"211\" srcset=\"https:\/\/www.asso-resppi.fr\/wp-content\/uploads\/2019\/03\/139106_couverture_Hres_0-225x300.jpg 225w, https:\/\/www.asso-resppi.fr\/wp-content\/uploads\/2019\/03\/139106_couverture_Hres_0-768x1024.jpg 768w, https:\/\/www.asso-resppi.fr\/wp-content\/uploads\/2019\/03\/139106_couverture_Hres_0.jpg 1499w\" sizes=\"auto, (max-width: 158px) 100vw, 158px\" \/><\/a>Comment \u00e7a marche ? Snapchat, Facebook, ou Instagram, quel est le r\u00e9seau social le plus populaire chez les enfants et les ados ? Quelles sont les applications indispensables et les tr\u00e8s futiles ? Pourquoi ne peut-on plus se passer d\u2019Internet, m\u00eame \u00e0 l\u2019\u00e9cole ? Comment bien chercher des informations et savoir d\u00e9crypter les fake news ? Comment se cr\u00e9er un profil et quelles sont les informations \u00e0 ne jamais donner sur soi? Est-on vraiment espionn\u00e9 ? Comment rester connect\u00e9 sans s\u2019isoler du monde ext\u00e9rieur ? <\/em><\/p>\n<p><em>Qui se cache derri\u00e8re les pseudos, et quels sont les dangers \u00e0 \u00e9viter absolument ? <\/em><\/p>\n<p><em>Qu\u2019est-ce que le harc\u00e8lement sur les r\u00e9seaux\u2026<\/em><\/p>\n<p><em>Un ouvrage indispensable pour faire sereinement son entr\u00e9e dans le vaste monde de l&rsquo;Internet !<\/em><\/p>\n<h3>Sitographie (sites utiles) :<\/h3>\n<ul>\n<li>e-sante.fr : <a href=\"http:\/\/www.e-sante.fr\/ados-frontiere-borderline\/actualite\/732\">http:\/\/www.e-sante.fr\/ados-frontiere-borderline\/actualite\/732<\/a><\/li>\n<li>e-enfance : <a href=\"https:\/\/www.e-enfance.org\/\">https:\/\/www.e-enfance.org\/<\/a> Notre mission : prot\u00e9ger les mineurs sur internet. Cr\u00e9\u00e9e en 2005, e-Enfance est une association reconnue d\u2019utilit\u00e9 publique agr\u00e9\u00e9e par le minist\u00e8re de l\u2019\u00e9ducation nationale.<\/li>\n<li>\u00a0<a href=\"http:\/\/www.netecoute.fr\">www.netecoute.fr<\/a>\u00a0 N\u00b0 d&rsquo;appel gratuit : 0800 200 200<\/li>\n<li>Site gouvernemental sur la cyber malveillance : <a href=\"https:\/\/www.cybermalveillance.gouv.fr\/\">https:\/\/www.cybermalveillance.gouv.fr\/<\/a><\/li>\n<\/ul>\n<p>Le 1er volet du kit de sensibilisation \u00e0 la cyber s\u00e9curit\u00e9 est disponible sur le site de <u><a href=\"http:\/\/Cybermalveillance.gouv.fr\">Cybermalveillance.gouv.fr<\/a><\/u> \u00e0 l&rsquo;adresse suivante : <u><a href=\"https:\/\/www.cybermalveillance.gouv.fr\/contenus-de-sensibilisation\/\">https:\/\/www.cybermalveillance.gouv.fr\/contenus-de-sensibilisation\/<\/a><\/u><\/p>\n<ul>\n<li>Internet sans crainte : <a href=\"http:\/\/www.internetsanscrainte.fr\/\">http:\/\/www.internetsanscrainte.fr\/<\/a><\/li>\n<li>Pour donner aux jeunes la ma\u00eetrise de leur vie num\u00e9rique : un article \u00e0 t\u00e9l\u00e9charger : surfer, jouer, chatter\u2026 en parler avec les enfants et adolescents !<a href=\"https:\/\/shop.addictionsuisse.ch\/fr\/online\/198-surfer-jouer-chatter-en-parler-avec-les-enfants-et-les-adolescent-e-s.html\">https:\/\/shop.addictionsuisse.ch\/fr\/online\/198-surfer-jouer-chatter-en-parler-avec-les-enfants-et-les-adolescent-e-s.html<\/a><\/li>\n<li><strong>Sites sp\u00e9cialis\u00e9s pour d\u00e9jouer les fake news <\/strong>: 4 sites professionnels sp\u00e9cialis\u00e9s dans la v\u00e9rification\n<ul>\n<li>Le Monde (d\u00e9codeurs) : <a href=\"http:\/\/www.facebook.com\/lesdecodeurs\">facebook.com\/lesdecodeurs<\/a><\/li>\n<li>AFP (factuel) : <a href=\"http:\/\/www.facebook.com\/afpfactuel\">facebook.com\/afpfactuel<\/a><\/li>\n<li>20 minutes (fakeOff) : <a href=\"http:\/\/www.facebook.com\/20Minutes\">facebook.com\/20Minutes<\/a><\/li>\n<li>Lib\u00e9ration (Checknews) : <a href=\"https:\/\/www.facebook.com\/CheckNewsFr\/\">https:\/\/www.facebook.com\/CheckNewsFr\/<\/a><\/li>\n<\/ul>\n<\/li>\n<\/ul>\n<h3>Ressources locales, en cas de besoin URGENT !<\/h3>\n<ul>\n<li>Les Apsyades : <strong><em>Ado Accro\u2026parents \u00e0 bout<\/em><\/strong><\/li>\n<li>le 1er <a href=\"https:\/\/padlet.com\/assoresppi\/9oy9xpic0ibitz6v\">Padlet Res&rsquo;PPI<\/a><\/li>\n<\/ul>\n<p>Soir\u00e9es d&rsquo;\u00e9changes le 1er et 3\u00e8me mercredi du mois (18 \u00e0 19h30)\u00a0 <a href=\"http:\/\/www.lesapsyades.fr\">www.lesapsyades.fr<\/a><\/p>\n","protected":false},"excerpt":{"rendered":"<p>Surexposition,\u00a0 surconsommation d&rsquo;informations (fake news), rumeurs, etc. Le\u00a0 libre acc\u00e8s \u00e0 Internet pour nos enfants &#8230; Pour quels usages ? Pour jouer ? Comment s&rsquo;informer ? Comment\u00a0 mieux les accompagner ? Ces questions et bien d&rsquo;autres encore ont \u00e9t\u00e9 abord\u00e9es au \u00ab\u00a0P&rsquo;tit D\u00e9j Entre-parents\u00a0\u00bb consacr\u00e9 \u00e0 l&rsquo;usage responsable des \u00e9crans ! Vous n&rsquo;avez pas pu [&hellip;]<\/p>\n","protected":false},"author":2,"featured_media":0,"parent":1656,"menu_order":0,"comment_status":"closed","ping_status":"closed","template":"","meta":{"footnotes":""},"class_list":["post-1422","page","type-page","status-publish","hentry"],"_links":{"self":[{"href":"https:\/\/www.asso-resppi.fr\/index.php\/wp-json\/wp\/v2\/pages\/1422","targetHints":{"allow":["GET"]}}],"collection":[{"href":"https:\/\/www.asso-resppi.fr\/index.php\/wp-json\/wp\/v2\/pages"}],"about":[{"href":"https:\/\/www.asso-resppi.fr\/index.php\/wp-json\/wp\/v2\/types\/page"}],"author":[{"embeddable":true,"href":"https:\/\/www.asso-resppi.fr\/index.php\/wp-json\/wp\/v2\/users\/2"}],"replies":[{"embeddable":true,"href":"https:\/\/www.asso-resppi.fr\/index.php\/wp-json\/wp\/v2\/comments?post=1422"}],"version-history":[{"count":5,"href":"https:\/\/www.asso-resppi.fr\/index.php\/wp-json\/wp\/v2\/pages\/1422\/revisions"}],"predecessor-version":[{"id":2084,"href":"https:\/\/www.asso-resppi.fr\/index.php\/wp-json\/wp\/v2\/pages\/1422\/revisions\/2084"}],"up":[{"embeddable":true,"href":"https:\/\/www.asso-resppi.fr\/index.php\/wp-json\/wp\/v2\/pages\/1656"}],"wp:attachment":[{"href":"https:\/\/www.asso-resppi.fr\/index.php\/wp-json\/wp\/v2\/media?parent=1422"}],"curies":[{"name":"wp","href":"https:\/\/api.w.org\/{rel}","templated":true}]}}

Les usages à risques de l&rsquo;internet

<h4>Surexposition,  surconsommation d&rsquo;informations (fake news), rumeurs, etc.</h4>
<p>Le  libre accès à Internet pour nos enfants &#8230; Pour quels usages ? Pour jouer ?</p>
<p>Comment s&rsquo;informer ? Comment  mieux les accompagner ?</p>
<h4><em><span style="color: #993366;">Ces questions et bien d&rsquo;autres encore ont été abordées au « P&rsquo;tit Déj Entre-parents » consacré à l&rsquo;usage responsable des écrans !</span></em></h4>
<p><em>Vous n&rsquo;avez pas pu vous dégager du temps pour y participer, pas de souci : découvrez ci-dessous la bibliographie et les sites repérés par le binôme de parents Res&rsquo;PPI qui avait la charge d&rsquo;animer cette rencontre. </em><em>Bonne lecture !</em></p>
<h3>Bibliographie</h3>
<ul>
<li><strong>Touche pas à ma vie privée ! <a href="https://www.asso-resppi.fr/index.php/les-usages-a-risques-de-linternet/cv_touchepasamavieprivee_01_fr-indd/" rel="attachment wp-att-1424"><img loading="lazy" decoding="async" class=" wp-image-1424 alignright" src="https://www.asso-resppi.fr/wp-content/uploads/2019/03/9782226401793-j-225x300.jpg" alt="" width="173" height="231" srcset="https://www.asso-resppi.fr/wp-content/uploads/2019/03/9782226401793-j-225x300.jpg 225w, https://www.asso-resppi.fr/wp-content/uploads/2019/03/9782226401793-j-768x1025.jpg 768w, https://www.asso-resppi.fr/wp-content/uploads/2019/03/9782226401793-j-767x1024.jpg 767w, https://www.asso-resppi.fr/wp-content/uploads/2019/03/9782226401793-j.jpg 1797w" sizes="auto, (max-width: 173px) 100vw, 173px" /></a></strong></li>
</ul>
<p>Auteure : Tanya Lloyd Kyi edition : Albin Michel (31/01/2018)</p>
<p><em>Tu instagrames la moindre de tes soirées, partages tes états d’âme dans tes stories Snapchat et dissémines tes coordonnées sur des formulaires d’inscription en ligne ?<br />
Sais-tu qu’aujourd’hui, lorsque tu te connectes à internet, tes moindres faits et gestes sont surveillés ? Chaque fois que tu cliques, likes, partages&#8230;</em></p>
<ul>
<li><em> </em><strong>Tous connectés !</strong></li>
</ul>
<p>Auteure : Mathilde Giard &amp; Illustrateur : Marygribouille Editions : Bulle d&rsquo;air</p>
<p><em>Illustré de manière humoristique, ce livre répond aux questions que se posent les enfants (et leurs parents !) sur Internet et les réseaux sociaux.</em></p>
<p><em><a href="https://www.asso-resppi.fr/index.php/les-usages-a-risques-de-linternet/139106_couverture_hres_0/" rel="attachment wp-att-1423"><img loading="lazy" decoding="async" class=" wp-image-1423 alignleft" src="https://www.asso-resppi.fr/wp-content/uploads/2019/03/139106_couverture_Hres_0-225x300.jpg" alt="" width="158" height="211" srcset="https://www.asso-resppi.fr/wp-content/uploads/2019/03/139106_couverture_Hres_0-225x300.jpg 225w, https://www.asso-resppi.fr/wp-content/uploads/2019/03/139106_couverture_Hres_0-768x1024.jpg 768w, https://www.asso-resppi.fr/wp-content/uploads/2019/03/139106_couverture_Hres_0.jpg 1499w" sizes="auto, (max-width: 158px) 100vw, 158px" /></a>Comment ça marche ? Snapchat, Facebook, ou Instagram, quel est le réseau social le plus populaire chez les enfants et les ados ? Quelles sont les applications indispensables et les très futiles ? Pourquoi ne peut-on plus se passer d’Internet, même à l’école ? Comment bien chercher des informations et savoir décrypter les fake news ? Comment se créer un profil et quelles sont les informations à ne jamais donner sur soi? Est-on vraiment espionné ? Comment rester connecté sans s’isoler du monde extérieur ? </em></p>
<p><em>Qui se cache derrière les pseudos, et quels sont les dangers à éviter absolument ? </em></p>
<p><em>Qu’est-ce que le harcèlement sur les réseaux…</em></p>
<p><em>Un ouvrage indispensable pour faire sereinement son entrée dans le vaste monde de l&rsquo;Internet !</em></p>
<h3>Sitographie (sites utiles) :</h3>
<ul>
<li>e-sante.fr : <a href="http://www.e-sante.fr/ados-frontiere-borderline/actualite/732">http://www.e-sante.fr/ados-frontiere-borderline/actualite/732</a></li>
<li>e-enfance : <a href="https://www.e-enfance.org/">https://www.e-enfance.org/</a> Notre mission : protéger les mineurs sur internet. Créée en 2005, e-Enfance est une association reconnue d’utilité publique agréée par le ministère de l’éducation nationale.</li>
<li> <a href="http://www.netecoute.fr">www.netecoute.fr</a>  N° d&rsquo;appel gratuit : 0800 200 200</li>
<li>Site gouvernemental sur la cyber malveillance : <a href="https://www.cybermalveillance.gouv.fr/">https://www.cybermalveillance.gouv.fr/</a></li>
</ul>
<p>Le 1er volet du kit de sensibilisation à la cyber sécurité est disponible sur le site de <u><a href="http://Cybermalveillance.gouv.fr">Cybermalveillance.gouv.fr</a></u> à l&rsquo;adresse suivante : <u><a href="https://www.cybermalveillance.gouv.fr/contenus-de-sensibilisation/">https://www.cybermalveillance.gouv.fr/contenus-de-sensibilisation/</a></u></p>
<ul>
<li>Internet sans crainte : <a href="http://www.internetsanscrainte.fr/">http://www.internetsanscrainte.fr/</a></li>
<li>Pour donner aux jeunes la maîtrise de leur vie numérique : un article à télécharger : surfer, jouer, chatter… en parler avec les enfants et adolescents !<a href="https://shop.addictionsuisse.ch/fr/online/198-surfer-jouer-chatter-en-parler-avec-les-enfants-et-les-adolescent-e-s.html">https://shop.addictionsuisse.ch/fr/online/198-surfer-jouer-chatter-en-parler-avec-les-enfants-et-les-adolescent-e-s.html</a></li>
<li><strong>Sites spécialisés pour déjouer les fake news </strong>: 4 sites professionnels spécialisés dans la vérification
<ul>
<li>Le Monde (décodeurs) : <a href="http://www.facebook.com/lesdecodeurs">facebook.com/lesdecodeurs</a></li>
<li>AFP (factuel) : <a href="http://www.facebook.com/afpfactuel">facebook.com/afpfactuel</a></li>
<li>20 minutes (fakeOff) : <a href="http://www.facebook.com/20Minutes">facebook.com/20Minutes</a></li>
<li>Libération (Checknews) : <a href="https://www.facebook.com/CheckNewsFr/">https://www.facebook.com/CheckNewsFr/</a></li>
</ul>
</li>
</ul>
<h3>Ressources locales, en cas de besoin URGENT !</h3>
<ul>
<li>Les Apsyades : <strong><em>Ado Accro…parents à bout</em></strong></li>
<li>le 1er <a href="https://padlet.com/assoresppi/9oy9xpic0ibitz6v">Padlet Res&rsquo;PPI</a></li>
</ul>
<p>Soirées d&rsquo;échanges le 1er et 3ème mercredi du mois (18 à 19h30)  <a href="http://www.lesapsyades.fr">www.lesapsyades.fr</a></p>

<p>Surexposition,  surconsommation d&rsquo;informations (fake news), rumeurs, etc. Le  libre accès à Internet pour nos enfants &#8230; Pour quels usages ? Pour jouer ? Comment s&rsquo;informer ? Comment  mieux les accompagner ? Ces questions et bien d&rsquo;autres encore ont été abordées au « P&rsquo;tit Déj Entre-parents » consacré à l&rsquo;usage responsable des écrans ! Vous n&rsquo;avez pas pu [&hellip;]</p>
