{"id":1517,"date":"2019-05-09T15:19:58","date_gmt":"2019-05-09T13:19:58","guid":{"rendered":"https:\/\/www.asso-resppi.fr\/?page_id=1517"},"modified":"2019-07-07T20:54:52","modified_gmt":"2019-07-07T18:54:52","slug":"quelle-autorite-parentale-pour-nos-enfants","status":"publish","type":"page","link":"https:\/\/www.asso-resppi.fr\/index.php\/notre-bibliographie\/vivre-et-grandir-avec-nos-enfants\/quelle-autorite-parentale-pour-nos-enfants\/","title":{"rendered":"Quelle autorit\u00e9 parentale pour nos enfants ?"},"content":{"rendered":"<h2>Ni r\u00e9primer, ni laisser faire !<\/h2>\n<p>D&rsquo;entr\u00e9e de jeux, cet \u00e9change entre parents a \u00e9t\u00e9 ouvert avec beaucoup d&rsquo;humour !<\/p>\n<p><a href=\"https:\/\/youtu.be\/TH_pSRgVm2w\">Vid\u00e9o You tube<\/a>\u00a0: Anne Roumanoff\u00a0: retrouver son autorit\u00e9 parentale<\/p>\n<h2><strong>Et Pour aller plus loin\u00a0 !<\/strong><\/h2>\n<p><em><strong>Bibliographie :<\/strong><\/em><\/p>\n<ul>\n<li style=\"list-style-type: none;\">\n<ul>\n<li>Catherine GUEGUEN\u00a0: pour une enfance heureuse<\/li>\n<li>Isabelle Filliozat\u00a0: \u00ab\u00a0il me cherche\u00a0\u00bb, \u00ab\u00a0au c\u0153ur des \u00e9motions de l\u2019enfant\u00a0\u00bb<\/li>\n<li>Arnold GESELL et France L.ILG \u00ab\u00a0 l\u2019enfant de 5 \u00e0 10 ans\u00a0\u00bb, L\u2019enfant de 6 \u00e0\u00a0?\u00a0\u00bb<\/li>\n<li>Fran\u00e7oise Dolto<\/li>\n<li>Jane Nielsen \u00ab\u00a0la discipline positive\u00a0\u00bb<\/li>\n<\/ul>\n<\/li>\n<\/ul>\n<p><em><strong>Sites internet utiles\u00a0:<\/strong><\/em><\/p>\n<ul>\n<li style=\"list-style-type: none;\">\n<ul>\n<li>Catherine GUEGUEN \u00ab\u00a0les neurosciences et le d\u00e9veloppement. SDI.\u00a0\u00bb <a href=\"https:\/\/youtu.be\/DvcJtn7ZCfU\">https:\/\/youtu.be\/DvcJtn7ZCfU<\/a><\/li>\n<li>Catherine MEYER, Psychanalyse, psychologie et parentalit\u00e9\u00a0: les limites dans l\u2019\u00e9ducation<\/li>\n<\/ul>\n<\/li>\n<\/ul>\n<p style=\"padding-left: 40px;\">\u00a0<a href=\"http:\/\/www.catherine-meyer.com\/pages\/articles\/les-limites-dans-l-education.html\">http:\/\/www.catherine-meyer.com\/pages\/articles\/les-limites-dans-l-education.html<\/a><\/p>\n<ul>\n<li style=\"list-style-type: none;\">\n<ul>\n<li>com\u00a0: Claude Halmos\u00a0: <a href=\"https:\/\/www.psychologies.com\/Famille\/Education\/Autorite-Transmission\/Articles-et-Dossiers\/Parents-trouver-la-juste-autorite\/Claude-Halmos-Avoir-de-l-autorite-ce-n-est-pas-etre-autoritaire\">avoir de l\u2019autorit\u00e9 n\u2019est pas \u00eatre autoritaire<\/a>.<\/li>\n<\/ul>\n<\/li>\n<\/ul>\n<p><em><strong>Ressources locales<\/strong> <\/em>:<\/p>\n<ul>\n<li style=\"list-style-type: none;\">\n<ul>\n<li>Associations P\u00e2tes au beurre, La maison des ados.<\/li>\n<li>Lieux d\u2019accueil enfants-parents (LAEP)\u00a0: <a href=\"https:\/\/www.loire-atlantique.fr\/jcms\/services\/enfance-familles\/les-lieux-d-accueil-et-d-information\/les-lieux-d-accueil-enfants-parents-fr-t1_20908\">loire-atlantique.fr\/laep<\/a><\/li>\n<\/ul>\n<\/li>\n<\/ul>\n<p>&nbsp;<\/p>\n","protected":false},"excerpt":{"rendered":"<p>Ni r\u00e9primer, ni laisser faire ! D&rsquo;entr\u00e9e de jeux, cet \u00e9change entre parents a \u00e9t\u00e9 ouvert avec beaucoup d&rsquo;humour ! Vid\u00e9o You tube\u00a0: Anne Roumanoff\u00a0: retrouver son autorit\u00e9 parentale Et Pour aller plus loin\u00a0 ! Bibliographie : Catherine GUEGUEN\u00a0: pour une enfance heureuse Isabelle Filliozat\u00a0: \u00ab\u00a0il me cherche\u00a0\u00bb, \u00ab\u00a0au c\u0153ur des \u00e9motions de l\u2019enfant\u00a0\u00bb Arnold [&hellip;]<\/p>\n","protected":false},"author":2,"featured_media":0,"parent":1658,"menu_order":0,"comment_status":"closed","ping_status":"closed","template":"","meta":{"footnotes":""},"class_list":["post-1517","page","type-page","status-publish","hentry"],"_links":{"self":[{"href":"https:\/\/www.asso-resppi.fr\/index.php\/wp-json\/wp\/v2\/pages\/1517","targetHints":{"allow":["GET"]}}],"collection":[{"href":"https:\/\/www.asso-resppi.fr\/index.php\/wp-json\/wp\/v2\/pages"}],"about":[{"href":"https:\/\/www.asso-resppi.fr\/index.php\/wp-json\/wp\/v2\/types\/page"}],"author":[{"embeddable":true,"href":"https:\/\/www.asso-resppi.fr\/index.php\/wp-json\/wp\/v2\/users\/2"}],"replies":[{"embeddable":true,"href":"https:\/\/www.asso-resppi.fr\/index.php\/wp-json\/wp\/v2\/comments?post=1517"}],"version-history":[{"count":2,"href":"https:\/\/www.asso-resppi.fr\/index.php\/wp-json\/wp\/v2\/pages\/1517\/revisions"}],"predecessor-version":[{"id":1519,"href":"https:\/\/www.asso-resppi.fr\/index.php\/wp-json\/wp\/v2\/pages\/1517\/revisions\/1519"}],"up":[{"embeddable":true,"href":"https:\/\/www.asso-resppi.fr\/index.php\/wp-json\/wp\/v2\/pages\/1658"}],"wp:attachment":[{"href":"https:\/\/www.asso-resppi.fr\/index.php\/wp-json\/wp\/v2\/media?parent=1517"}],"curies":[{"name":"wp","href":"https:\/\/api.w.org\/{rel}","templated":true}]}}