{"id":1635,"date":"2019-07-02T17:28:18","date_gmt":"2019-07-02T15:28:18","guid":{"rendered":"https:\/\/www.asso-resppi.fr\/?page_id=1635"},"modified":"2019-07-07T20:56:51","modified_gmt":"2019-07-07T18:56:51","slug":"papa-on-joue-aux-jeux-video","status":"publish","type":"page","link":"https:\/\/www.asso-resppi.fr\/index.php\/notre-bibliographie\/vivre-et-grandir-avec-nos-enfants\/papa-on-joue-aux-jeux-video\/","title":{"rendered":"Papa, on joue aux jeux vid\u00e9o ?"},"content":{"rendered":"<p>Le rapport des enfants aux \u00e9crans (ordinateur, t\u00e9l\u00e9vision, consoles de jeux\u2026) est aujourd\u2019hui controvers\u00e9 : dans l\u2019air du temps, utile, \u00e0 proscrire, exag\u00e9r\u00e9, \u00e0 n\u2019autoriser qu\u2019\u00e0 certaines p\u00e9riodes\u2026 Quelle attitude adopter ?<\/p>\n<p><strong>Support(s) d&rsquo;animation propos\u00e9(s) :<\/strong><\/p>\n<p>Rep\u00e8res : campagne 3,6,9,12 <a href=\"http:\/\/www.yapaka.be\/ecrans\">http:\/\/www.yapaka.be\/ecrans<\/a><\/p>\n<p>Boris Cyrulnik, Pas d\u2019\u00e9crans avant 3 ans : <a href=\"https:\/\/www.youtube.com\/watch?v=-4UfAuEevr8\">https:\/\/www.youtube.com\/watch?v=-4UfAuEevr8<\/a><\/p>\n<p>Les conseils du CSA : <a href=\"https:\/\/www.csa.fr\/Proteger\/Protection-de-la-jeunesse-et-des-mineurs\/Les-enfants-et-les-ecrans-les-conseils-du-CSA\">https:\/\/www.csa.fr\/Proteger\/Protection-de-la-jeunesse-et-des-mineurs\/Les-enfants-et-les-ecrans-les-conseils-du-CSA<\/a><\/p>\n<p>O\u00f9 il est question d\u2019initier ses enfants aux usages d\u2019internet :<\/p>\n<p><a href=\"https:\/\/lebonusagedesecrans.fr\/les-ecrans-et-votre-entourage\/jeunes-enfants-ecrans\/\">https:\/\/lebonusagedesecrans.fr\/les-ecrans-et-votre-entourage\/jeunes-enfants-ecrans\/<\/a><\/p>\n<p>Panneau constats (cf. images) <a href=\"https:\/\/trendy.letudiant.fr\/accro-au-smartphone-decrochez-pour-retrouver-le-sommeil-a2158.html\">https:\/\/trendy.letudiant.fr\/accro-au-smartphone-decrochez-pour-retrouver-le-sommeil-a2158.html<\/a><\/p>\n<p><strong>Pour aller plus loin :<\/strong><\/p>\n<ul>\n<li><em><strong>Bibliographie<\/strong><\/em>\u00a0: <a href=\"https:\/\/www.epopia.com\/blog\/5-livres-jeunesse-decrocher-tele\/\">https:\/\/www.epopia.com\/blog\/5-livres-jeunesse-decrocher-tele\/<\/a><\/li>\n<\/ul>\n<p>CAMPAGNE 3.6.9.12\u00a0: <strong><a href=\"https:\/\/www.3-6-9-12.org\/\">https:\/\/www.3-6-9-12.org\/<\/a><\/strong><\/p>\n<p><strong>\u00a0<\/strong><\/p>\n<ul>\n<li><strong><em>Sites utiles\u00a0<\/em><\/strong>:<\/li>\n<\/ul>\n<p>9 id\u00e9es pour aider les enfants \u00e0 d\u00e9crocher de leur smartphone : https:\/\/adozen.fr\/9-idees-pour-aider-les-ados-a-decrocher-de-leurs-smartphones\/<\/p>\n<p>France Inter\u00a0&#8211; Nos enfant sont-ils trop expos\u00e9s aux \u00e9crans\u00a0?<\/p>\n<p><a href=\"https:\/\/www.franceinter.fr\/emissions\/le-telephone-sonne\/le-telephone-sonne-06-juin-2017\">https:\/\/www.franceinter.fr\/emissions\/le-telephone-sonne\/le-telephone-sonne-06-juin-2017<\/a><\/p>\n<p>France Inter\u00a0&#8211; L\u2019addiction aux jeux, une maladie\u00a0?<\/p>\n<p><a href=\"https:\/\/www.franceinter.fr\/emissions\/le-telephone-sonne\/le-telephone-sonne-21-juin-2018\">https:\/\/www.franceinter.fr\/emissions\/le-telephone-sonne\/le-telephone-sonne-21-juin-2018<\/a><\/p>\n<p>&nbsp;<\/p>\n<ul>\n<li><strong><em>Ressources locales<\/em> <\/strong>: Proposition aux p\u00e8res de se joindre \u00e0 un groupe WhatsApp.<\/li>\n<\/ul>\n<p>Objectif : constituer un r\u00e9seau de papas propice aux \u00e9changes d&rsquo;adresses, de trucs et astuces, d&rsquo;activit\u00e9s sp\u00e9cifiques, etc. A terme, il pourrait devenir un r\u00e9seau de solidarit\u00e9 et d&rsquo;entraide entre p\u00e8res.<\/p>\n","protected":false},"excerpt":{"rendered":"<p>Le rapport des enfants aux \u00e9crans (ordinateur, t\u00e9l\u00e9vision, consoles de jeux\u2026) est aujourd\u2019hui controvers\u00e9 : dans l\u2019air du temps, utile, \u00e0 proscrire, exag\u00e9r\u00e9, \u00e0 n\u2019autoriser qu\u2019\u00e0 certaines p\u00e9riodes\u2026 Quelle attitude adopter ? Support(s) d&rsquo;animation propos\u00e9(s) : Rep\u00e8res : campagne 3,6,9,12 http:\/\/www.yapaka.be\/ecrans Boris Cyrulnik, Pas d\u2019\u00e9crans avant 3 ans : https:\/\/www.youtube.com\/watch?v=-4UfAuEevr8 Les conseils du CSA : [&hellip;]<\/p>\n","protected":false},"author":2,"featured_media":0,"parent":1658,"menu_order":0,"comment_status":"closed","ping_status":"closed","template":"","meta":{"footnotes":""},"class_list":["post-1635","page","type-page","status-publish","hentry"],"_links":{"self":[{"href":"https:\/\/www.asso-resppi.fr\/index.php\/wp-json\/wp\/v2\/pages\/1635","targetHints":{"allow":["GET"]}}],"collection":[{"href":"https:\/\/www.asso-resppi.fr\/index.php\/wp-json\/wp\/v2\/pages"}],"about":[{"href":"https:\/\/www.asso-resppi.fr\/index.php\/wp-json\/wp\/v2\/types\/page"}],"author":[{"embeddable":true,"href":"https:\/\/www.asso-resppi.fr\/index.php\/wp-json\/wp\/v2\/users\/2"}],"replies":[{"embeddable":true,"href":"https:\/\/www.asso-resppi.fr\/index.php\/wp-json\/wp\/v2\/comments?post=1635"}],"version-history":[{"count":1,"href":"https:\/\/www.asso-resppi.fr\/index.php\/wp-json\/wp\/v2\/pages\/1635\/revisions"}],"predecessor-version":[{"id":1637,"href":"https:\/\/www.asso-resppi.fr\/index.php\/wp-json\/wp\/v2\/pages\/1635\/revisions\/1637"}],"up":[{"embeddable":true,"href":"https:\/\/www.asso-resppi.fr\/index.php\/wp-json\/wp\/v2\/pages\/1658"}],"wp:attachment":[{"href":"https:\/\/www.asso-resppi.fr\/index.php\/wp-json\/wp\/v2\/media?parent=1635"}],"curies":[{"name":"wp","href":"https:\/\/api.w.org\/{rel}","templated":true}]}}