{"id":1658,"date":"2019-07-07T20:47:59","date_gmt":"2019-07-07T18:47:59","guid":{"rendered":"https:\/\/www.asso-resppi.fr\/?page_id=1658"},"modified":"2020-02-20T15:36:26","modified_gmt":"2020-02-20T14:36:26","slug":"vivre-et-grandir-avec-nos-enfants","status":"publish","type":"page","link":"https:\/\/www.asso-resppi.fr\/index.php\/notre-bibliographie\/vivre-et-grandir-avec-nos-enfants\/","title":{"rendered":"Vivre et grandir avec nos enfants"},"content":{"rendered":"<p>&nbsp;<\/p>\n<ul>\n<li><a href=\"https:\/\/www.asso-resppi.fr\/index.php\/notre-bibliographie\/la-communication-enfants-parents\/\">la communication parents-enfants<\/a><\/li>\n<li><a href=\"https:\/\/www.asso-resppi.fr\/index.php\/parents-enfants-faisons-nous-confiance\/\">Parents, enfants, faisons-nous confiance !<\/a><\/li>\n<li><a href=\"https:\/\/www.asso-resppi.fr\/index.php\/quelle-autorite-parentale-pour-nos-enfants\/\">Quelle autorit\u00e9 parentale pour nos enfants ?<\/a><\/li>\n<li><a href=\"https:\/\/www.asso-resppi.fr\/index.php\/peut-on-sanctionner-sans-punir\/\">Peut-on sanctionner sans punir ?<\/a><\/li>\n<li><a href=\"https:\/\/www.asso-resppi.fr\/index.php\/les-conflits-entre-freres-et-soeurs\/\">les conflits entre fr\u00e8res et s\u0153urs<\/a><\/li>\n<li><a href=\"https:\/\/www.asso-resppi.fr\/index.php\/notre-bibliographie\/le-rapport-aux-ecrans-dans-la-famille\/\">le rapport aux \u00e9crans dans la famille<\/a><\/li>\n<li><a href=\"https:\/\/www.asso-resppi.fr\/index.php\/papa-ou-est-ce-quon-sort\/\">Papa, o\u00f9 est-ce qu&rsquo;on sort ?<\/a><\/li>\n<li><a href=\"https:\/\/www.asso-resppi.fr\/index.php\/notre-bibliographie\/vivre-et-grandir-avec-nos-enfants\/papa-on-joue-aux-jeux-video\/\">Papa, on joue aux jeux vid\u00e9o ?<\/a><\/li>\n<li><a href=\"https:\/\/www.asso-resppi.fr\/index.php\/papa-cest-quoi-un-clito\/\">Papa, c&rsquo;est quoi un clito ?<\/a><\/li>\n<li>Comment parler sexualit\u00e9 avec ses enfants ?<\/li>\n<\/ul>\n<p>&nbsp;<\/p>\n","protected":false},"excerpt":{"rendered":"<p>&nbsp; la communication parents-enfants Parents, enfants, faisons-nous confiance ! Quelle autorit\u00e9 parentale pour nos enfants ? Peut-on sanctionner sans punir ? les conflits entre fr\u00e8res et s\u0153urs le rapport aux \u00e9crans dans la famille Papa, o\u00f9 est-ce qu&rsquo;on sort ? Papa, on joue aux jeux vid\u00e9o ? Papa, c&rsquo;est quoi un clito ? Comment parler [&hellip;]<\/p>\n","protected":false},"author":2,"featured_media":1027,"parent":596,"menu_order":0,"comment_status":"closed","ping_status":"closed","template":"","meta":{"footnotes":""},"class_list":["post-1658","page","type-page","status-publish","has-post-thumbnail","hentry"],"_links":{"self":[{"href":"https:\/\/www.asso-resppi.fr\/index.php\/wp-json\/wp\/v2\/pages\/1658","targetHints":{"allow":["GET"]}}],"collection":[{"href":"https:\/\/www.asso-resppi.fr\/index.php\/wp-json\/wp\/v2\/pages"}],"about":[{"href":"https:\/\/www.asso-resppi.fr\/index.php\/wp-json\/wp\/v2\/types\/page"}],"author":[{"embeddable":true,"href":"https:\/\/www.asso-resppi.fr\/index.php\/wp-json\/wp\/v2\/users\/2"}],"replies":[{"embeddable":true,"href":"https:\/\/www.asso-resppi.fr\/index.php\/wp-json\/wp\/v2\/comments?post=1658"}],"version-history":[{"count":10,"href":"https:\/\/www.asso-resppi.fr\/index.php\/wp-json\/wp\/v2\/pages\/1658\/revisions"}],"predecessor-version":[{"id":1878,"href":"https:\/\/www.asso-resppi.fr\/index.php\/wp-json\/wp\/v2\/pages\/1658\/revisions\/1878"}],"up":[{"embeddable":true,"href":"https:\/\/www.asso-resppi.fr\/index.php\/wp-json\/wp\/v2\/pages\/596"}],"wp:featuredmedia":[{"embeddable":true,"href":"https:\/\/www.asso-resppi.fr\/index.php\/wp-json\/wp\/v2\/media\/1027"}],"wp:attachment":[{"href":"https:\/\/www.asso-resppi.fr\/index.php\/wp-json\/wp\/v2\/media?parent=1658"}],"curies":[{"name":"wp","href":"https:\/\/api.w.org\/{rel}","templated":true}]}}