{"id":1925,"date":"2020-02-20T16:02:49","date_gmt":"2020-02-20T15:02:49","guid":{"rendered":"https:\/\/www.asso-resppi.fr\/?page_id=1925"},"modified":"2020-02-20T16:03:17","modified_gmt":"2020-02-20T15:03:17","slug":"comment-parler-sexualite-avec-nos-enfants","status":"publish","type":"page","link":"https:\/\/www.asso-resppi.fr\/index.php\/comment-parler-sexualite-avec-nos-enfants\/","title":{"rendered":"Comment parler sexualit\u00e9 avec nos enfants ?"},"content":{"rendered":"<h3>C&rsquo;\u00e9tait la question trait\u00e9e au cours du premier Entre-Parents de l&rsquo;ann\u00e9e 2020 !<\/h3>\n<h3><em><strong><span style=\"color: #800080;\">Vid\u00e9os\u00a0:<\/span> <\/strong><\/em><\/h3>\n<ul>\n<li><strong><em>Comment parler de la sexualit\u00e9 avec votre enfant? <\/em><\/strong><\/li>\n<\/ul>\n<p>Dans la s\u00e9rie Petits Curieux, Grandes Questions, des familles acceptent de se pr\u00eater au jeu : parents et enfants discutent du sujet ensemble devant la cam\u00e9ra et partagent des moments tendres ou cocasses.<\/p>\n<p>Kathleen Patterson, leader en sant\u00e9 mentale, apporte \u00e9galement ses conseils aux parents. <a href=\"https:\/\/www.youtube.com\/watch?v=JxD-TRyP-b0\">https:\/\/www.youtube.com\/watch?v=JxD-TRyP-b0<\/a>.<\/p>\n<ul>\n<li><strong><em>Comment bien parler sexualit\u00e9 \u00e0 ses enfants sans tabou\u00a0?<\/em><\/strong><\/li>\n<\/ul>\n<p>La journaliste Sandra FRANRENET, auteure du livre\u00a0: \u00ab\u00a0Osez parler de sexe \u00e0 vos enfants\u00a0\u00bb, aux \u00e9ditions La Musardine, r\u00e9pond aux journalistes de BFM-TV. <strong><a href=\"https:\/\/youtu.be\/FEUbkmA55Gc\">https:\/\/youtu.be\/FEUbkmA55Gc<\/a><\/strong><\/p>\n<ul>\n<li><strong><em>Mon enfant d\u00e9couvre son corps<\/em> \u2013 La maison des maternelles (France 5)<\/strong> <a href=\"https:\/\/youtu.be\/FYjIbuNQixo\">https:\/\/youtu.be\/FYjIbuNQixo<\/a><\/li>\n<\/ul>\n<p>Tr\u00e8s t\u00f4t, nos petits d\u00e9couvrent leur corps et ses sensations. Curieux de leur anatomie, de celle des autres, ils nous posent des questions qui peuvent nous embarrasser. Qu\u2019est-ce qui est naturel ?<\/p>\n<p>Quelles limites poser \u00e0 leur d\u00e9veloppement psycho-sexuel pour les prot\u00e9ger sans pour autant les brimer ?<\/p>\n<p>Jocelyne Robert, sexologue et philosophe, auteur de \u00ab Ma sexualit\u00e9 de 0 \u00e0 6 ans \u00bb et de \u00ab Parlez-leur d\u2019amour\u2026 et de sexualit\u00e9 \u00bb, r\u00e9pond aux questions des parents et des journalistes.<\/p>\n<h3><em><strong><span style=\"color: #800080;\">Bibliographie :<\/span> <\/strong><\/em><\/h3>\n<ul>\n<li><strong>\u00ab\u00a0Oser Parler sexualit\u00e9 \u00e0 nos enfants\u00a0\u00bb &#8211; auteur\u00a0: Sandra FRANRENET &#8211; Editions La Musardine <\/strong><\/li>\n<\/ul>\n<p>Un guide pr\u00e9cieux pour aider les parents \u00e0 faire face, sans honte ni tabou, aux questions des enfants sur la sexualit\u00e9. Quel adulte n&rsquo;a jamais rougi en entendant son ch\u00e9rubin aborder les d\u00e9lices de la sexualit\u00e9 ? Loin d&rsquo;ass\u00e9ner des r\u00e9ponses toutes faites, ce livre propose de partager quelques cl\u00e9s utiles. Petite enfance, pr\u00e9-ados, ados&#8230; \u00c0 chaque \u00e2ge, ses solutions !<\/p>\n<p><strong>\u00c9crit par une journaliste sp\u00e9cialis\u00e9e, \u00e9maill\u00e9 de paroles d&rsquo;experts de la petite enfance, cet ouvrage vous permettra de ne plus jamais vous sentir dans l&#8217;embarras, m\u00eame devant les demandes les plus incongrues.<\/strong><\/p>\n<ul>\n<li><strong>\u00a0<\/strong><strong>\u00ab Parler leur d\u2019amour et de sexualit\u00e9 \u00bb- auteur Jocelyne ROBERT \u2013 Editions de l\u2019Homme (2018) <\/strong>Il appartient \u00e0 chaque parent d&rsquo;aider ses enfants \u00e0 faire de leur sexualit\u00e9 une source de mieux-\u00eatre et de croissance. Si vous croyez avoir perdu toute influence aupr\u00e8s d&rsquo;eux au profit des r\u00e9seaux sociaux, d\u00e9trompez-vous: vous jouez toujours un r\u00f4le significatif \u00e0 leurs yeux. Dans cet ouvrage, <strong>Jocelyne Robert<\/strong> explique les diverses \u00e9tapes du d\u00e9veloppement psychosexuel et propose des cl\u00e9s pour accompagner les enfants, depuis leur plus jeune \u00e2ge jusqu&rsquo;\u00e0 la fin de\u00a0l&rsquo;adolescence.<\/li>\n<li><strong>\u00a0<\/strong><strong>Trois livres du m\u00eame auteur Jocelyne ROBERT aux \u00e9ditions de l\u2019homme, <\/strong>pour \u00e9changer en toute simplicit\u00e9 avec nos enfants :\n<ul>\n<li>ma sexualit\u00e9 de 0 \u00e0 6 ans<\/li>\n<li>ma sexualit\u00e9 de 6 \u00e0 9 ans<\/li>\n<li>ma sexualit\u00e9 de 9 \u00e0 11 ans<\/li>\n<\/ul>\n<\/li>\n<\/ul>\n<ul>\n<li><strong>\u00ab Ne te laisse pas faire \u00bb auteure : Jocelyne ROBERT \u2013 Editions de l\u2019homme (2019) : <\/strong>Trop d\u2019enfants croient qu\u2019un adulte a tous les droits sur eux. Cet ouvrage a pour but de faire de l\u2019enfant et du parent une \u00e9quipe vigilante et plus rus\u00e9e que le pr\u00e9dateur. Il invite le p\u00e8re \u00e0 rester lui-m\u00eame, la m\u00e8re \u00e0 ne pas s\u2019affoler, l\u2019enfant \u00e0 devenir le grand patron de son propre corps. Il propose des jeux et des exercices \u00e0 faire avec l\u2019enfant, pr\u00e9sente des indices pour \u00e9valuer les risques, sugg\u00e8re des attitudes \u00e9ducatives sereines, concr\u00e8tes, efficaces.<\/li>\n<li><strong> \u00ab\u00a0Touche pas \u00e0 mon corps\u00a0\u00bb, auteurs\u00a0: Cynthia GEISEN&amp; Robert W.ALLEY \u2013 \u00e9ditions du signe. <\/strong>Les monstres qui se cachent sous les lits de nos enfants sont imaginaires, mais ceux qui se livrent \u00e0 des abus sexuels sont, eux, bien r\u00e9els. Il faut que les enfants aient conscience des limites \u00e0 ne pas franchir en mati\u00e8re d&rsquo;intimit\u00e9 corporelle, et il faut bien leur expliquer ce qu&rsquo;il faut faire dans le cas o\u00f9 quelqu&rsquo;un les franchirait. Lire ce livre et en parler avec les enfants dont vous vous occupez vous permettra de les rassurer. Ils sauront que s&rsquo;ils sont menac\u00e9s ou victimes d&rsquo;abus, ils recevront toute l&rsquo;aide n\u00e9cessaire pour r\u00e9pondre \u00e0 une telle situation.<\/li>\n<li><strong>\u00a0<\/strong><strong>\u00ab Le guide du zizi sexuel \u00bb<\/strong>: BD de <strong>ZEP <\/strong>et H\u00e9l\u00e8ne <strong>BRULLER \u00a0<\/strong>\u00e9ditions Babelio -Le Guide du zizi sexuel r\u00e9pond \u00e0 toutes les questions que se posent les 9 \/ 13 ans sur la d\u00e9couverte de l&rsquo;amour et du sexe. Si ce guide est avant tout destin\u00e9 aux pr\u00e9ados, il s&rsquo;adresse aussi aux parents puisqu&rsquo;il est une passerelle entre les interrogations des enfants et les r\u00e9ponses que cherchent les parents. Avec les mots du quotidien Le guide du zizi sexuel cr\u00e9e le dialogue, pose toutes les questions, donne les bonnes r\u00e9ponses.<\/li>\n<\/ul>\n<h3><em><span style=\"color: #800080;\"><strong>Sites internet utiles<\/strong>\u00a0:<\/span><\/em><\/h3>\n<ul>\n<li>Le site \u00ab\u00a0Na\u00eetre et grandir.com\u00a0\u00bb\u00a0 dispose d\u2019un dossier d\u00e9di\u00e9 \u00ab\u00a0<strong>Parler de sexualit\u00e9 avec son enfant \u00bb :<\/strong>\u00a0 <a href=\"https:\/\/naitreetgrandir.com\/fr\/etape\/1_3_ans\/viefamille\/fiche.aspx?doc=parler-sexualite-enfant\">https:\/\/naitreetgrandir.com\/fr\/etape\/1_3_ans\/viefamille\/fiche.aspx?doc=parler-sexualite-enfant. <\/a>\u00a0Ce dossier donne acc\u00e8s \u00e0 des fiches sp\u00e9cifiques :\n<ul>\n<li>\u00a0<u><a href=\"https:\/\/naitreetgrandir.com\/fr\/etape\/0_12_mois\/developpement\/fiche.aspx?doc=developpement-psychosexuel-sexualite-0-3-ans\"> Le d\u00e9veloppement psychosexuel de 0 \u00e0 3 ans<\/a> <\/u><\/li>\n<li><u>\u00a0<\/u><u><a href=\"https:\/\/naitreetgrandir.com\/fr\/etape\/3-5-ans\/developpement\/fiche.aspx?doc=developpement-psychosexuel-sexualite-3-5-ans\">Le d\u00e9veloppement psychosexuel de 3 \u00e0 5 ans <\/a><\/u><\/li>\n<li><u><a href=\"https:\/\/naitreetgrandir.com\/fr\/etape\/3-5-ans\/vie-famille\/fiche.aspx?doc=abus-sexuels\">L\u2019abus sexuel<\/a><\/u><\/li>\n<\/ul>\n<\/li>\n<\/ul>\n<ul>\n<li style=\"list-style-type: none;\"><\/li>\n<li>Le site \u00ab 20 minutes \u00bb propose un dossier : Education sexuelle, \u00e0 l\u2019heure d\u2019internet, les cours sont-ils encore adapt\u00e9s ? Onze ans. <u><a href=\"http:\/\/www.doctissimo.fr\/html\/sexualite\/dossiers\/pornographie\/8710-pornographie-sexuallite-itw.htm\">Selon une enqu\u00eate r\u00e9alis\u00e9e par Michela Marzano et Claude Rozier<\/a><\/u>, ce serait l\u2019\u00e2ge moyen auquel un enfant serait confront\u00e9 pour la premi\u00e8re fois \u00e0 une image pornographique. Par curiosit\u00e9 mais aussi\u00a0souvent malgr\u00e9 eux, subissant\u00a0des publicit\u00e9s intrusives lorsqu\u2019ils surfent sur internet.<\/li>\n<\/ul>\n<ul>\n<li>L\u2019Association <em>Ennocence<\/em> [<strong> <a href=\"https:\/\/ennocence.org\/\">https:\/\/ennocence.org\/<\/a>] <\/strong>a \u00e9t\u00e9 cr\u00e9\u00e9e en mars 2015 et s\u2019est fix\u00e9e comme mission de prot\u00e9ger les enfants contre les risques d\u2019exposition \u00e0 la pornographie en ligne, principalement sur les sites de t\u00e9l\u00e9chargement et de streaming ill\u00e9gaux.<\/li>\n<\/ul>\n<h3><em><span style=\"color: #800080;\"><strong>Ressources locales<\/strong> :<\/span><\/em><\/h3>\n<ul>\n<li>Site \u00ab\u00a0Questions de parents\u00a0\u00bb (d\u00e9partement de Loire Atlantique) : Deux pages\u00a0 en lien avec le th\u00e8me de notre Entre-Parents :\n<ul>\n<li>La pubert\u00e9, la pr\u00e9adolescence : <a href=\"https:\/\/parents.loire-atlantique.fr\/enfance-7-a-11-ans\/le-developpement-de-l-enfant\/la-puberte-la-preadolescence\/\">https:\/\/parents.loire-atlantique.fr\/enfance-7-a-11-ans\/le-developpement-de-l-enfant\/la-puberte-la-preadolescence\/<\/a><\/li>\n<li>Les violences sexuelles\u00a0: <a href=\"https:\/\/parents.loire-atlantique.fr\/les-familles-face\/aux-violences\/les-violences-sexuelles-sur-mineurs\/\">https:\/\/parents.loire-atlantique.fr\/les-familles-face\/aux-violences\/les-violences-sexuelles-sur-mineurs\/<\/a><\/li>\n<\/ul>\n<\/li>\n<\/ul>\n<ul>\n<li style=\"list-style-type: none;\"><\/li>\n<li>Planning familial 44 au 0240204151- <a href=\"https:\/\/www.planning-familial.org\/fr\/le-planning-familial-de-loire-atlantique-44\">https:\/\/www.planning-familial.org\/fr\/le-planning-familial-de-loire-atlantique-44<\/a><\/li>\n<li><strong>Infirmi\u00e8res scolaires si les enfants souhaitent en parler \u00e0 un adulte dans le milieu scolaire.<\/strong><\/li>\n<\/ul>\n<p><strong>\u00a0<\/strong><\/p>\n<p><strong>\u00a0<\/strong><\/p>\n<p><strong>\u00a0<\/strong><\/p>\n<p><strong>\u00a0<\/strong><\/p>\n<p><strong>\u00a0<\/strong><\/p>\n<p><strong>\u00a0<\/strong><\/p>\n<p>&nbsp;<\/p>\n","protected":false},"excerpt":{"rendered":"<p>C&rsquo;\u00e9tait la question trait\u00e9e au cours du premier Entre-Parents de l&rsquo;ann\u00e9e 2020 ! Vid\u00e9os\u00a0: Comment parler de la sexualit\u00e9 avec votre enfant? Dans la s\u00e9rie Petits Curieux, Grandes Questions, des familles acceptent de se pr\u00eater au jeu : parents et enfants discutent du sujet ensemble devant la cam\u00e9ra et partagent des moments tendres ou cocasses. [&hellip;]<\/p>\n","protected":false},"author":2,"featured_media":1926,"parent":0,"menu_order":0,"comment_status":"closed","ping_status":"closed","template":"","meta":{"footnotes":""},"class_list":["post-1925","page","type-page","status-publish","has-post-thumbnail","hentry"],"_links":{"self":[{"href":"https:\/\/www.asso-resppi.fr\/index.php\/wp-json\/wp\/v2\/pages\/1925","targetHints":{"allow":["GET"]}}],"collection":[{"href":"https:\/\/www.asso-resppi.fr\/index.php\/wp-json\/wp\/v2\/pages"}],"about":[{"href":"https:\/\/www.asso-resppi.fr\/index.php\/wp-json\/wp\/v2\/types\/page"}],"author":[{"embeddable":true,"href":"https:\/\/www.asso-resppi.fr\/index.php\/wp-json\/wp\/v2\/users\/2"}],"replies":[{"embeddable":true,"href":"https:\/\/www.asso-resppi.fr\/index.php\/wp-json\/wp\/v2\/comments?post=1925"}],"version-history":[{"count":6,"href":"https:\/\/www.asso-resppi.fr\/index.php\/wp-json\/wp\/v2\/pages\/1925\/revisions"}],"predecessor-version":[{"id":1933,"href":"https:\/\/www.asso-resppi.fr\/index.php\/wp-json\/wp\/v2\/pages\/1925\/revisions\/1933"}],"wp:featuredmedia":[{"embeddable":true,"href":"https:\/\/www.asso-resppi.fr\/index.php\/wp-json\/wp\/v2\/media\/1926"}],"wp:attachment":[{"href":"https:\/\/www.asso-resppi.fr\/index.php\/wp-json\/wp\/v2\/media?parent=1925"}],"curies":[{"name":"wp","href":"https:\/\/api.w.org\/{rel}","templated":true}]}}