{"id":1950,"date":"2020-03-18T14:41:35","date_gmt":"2020-03-18T13:41:35","guid":{"rendered":"https:\/\/www.asso-resppi.fr\/?page_id=1950"},"modified":"2020-03-18T14:41:35","modified_gmt":"2020-03-18T13:41:35","slug":"comment-gerer-les-problemes-de-harcelement-scolaire","status":"publish","type":"page","link":"https:\/\/www.asso-resppi.fr\/index.php\/comment-gerer-les-problemes-de-harcelement-scolaire\/","title":{"rendered":"Comment g\u00e9rer les probl\u00e8mes de harc\u00e8lement scolaire ?"},"content":{"rendered":"<h3><strong><em>Le harc\u00e8lement scolaire, parlons-en\u00a0! <\/em><\/strong><\/h3>\n<h3><strong><em>Comment rep\u00e9rer les signaux d\u2019alerte chez mon enfant\u00a0? <\/em><\/strong><\/h3>\n<h3><strong><em>Comment aborder le sujet avec lui\u00a0? <\/em><\/strong><\/h3>\n<h3><strong><em>Quel dialogue avec l\u2019\u00e9cole\u00a0? <\/em><\/strong><\/h3>\n<p>C&rsquo;\u00e9taient les premi\u00e8res questions que nous souhaitions aborder entre parents, d\u00e8s le 14 mars dernier.<\/p>\n<p>Le confinement li\u00e9 au Covid-19 ne nous a pas permis de tenir cette rencontre, pour autant nous vous proposons ci-dessous de partager l&rsquo;ensemble des ressources que nous avions identifi\u00e9es en pr\u00e9paration des \u00e9changes entre pairs.<\/p>\n<h3><strong><span style=\"color: #993366;\"><em>Vid\u00e9os\u00a0<\/em><\/span>: <\/strong><\/h3>\n<ul>\n<li><strong>Mieux armer les enfants contre le harc\u00e8lement scolaire <\/strong>(TDX- Emmanuelle PIQUET)<\/li>\n<\/ul>\n<p><a href=\"https:\/\/youtu.be\/iMGLy-juSxw\">https:\/\/youtu.be\/iMGLy-juSxw<\/a><\/p>\n<ul>\n<li><strong>Et si on parlait du harc\u00e8lement \u00e0 l\u2019\u00e9cole <\/strong>(LUMNI et association des petits citoyens)<\/li>\n<\/ul>\n<p><a href=\"https:\/\/www.lumni.fr\/programme\/et-si-on-s-parlait-du-harcelement-a-l-ecole\">https:\/\/www.lumni.fr\/programme\/et-si-on-s-parlait-du-harcelement-a-l-ecole<\/a><\/p>\n<ul>\n<li><strong>Jeux des trois figures (Serge TISSERON) en image sur le site YAPAKA<\/strong><\/li>\n<\/ul>\n<p><strong><a href=\"https:\/\/www.yapaka.be\/video\/video-de-presentation-le-jeu-des-trois-figures\">https:\/\/www.yapaka.be\/video\/video-de-presentation-le-jeu-des-trois-figures<\/a><\/strong><\/p>\n<ul>\n<li><strong>Harc\u00e8lement scolaire\u00a0: vos mots pour le dire (France TV.fr)<\/strong><\/li>\n<\/ul>\n<p>Comment on s\u2019en sort, comment on se reconstruit\u00a0?<\/p>\n<p><strong><a href=\"http:\/\/temoignages.francetv.fr\/harcelement-scolaire\/comment-sen-sort-comment-se-reconstruit_19621.html\">http:\/\/temoignages.francetv.fr\/harcelement-scolaire\/comment-sen-sort-comment-se-reconstruit_19621.html<\/a><\/strong><\/p>\n<ul>\n<li><strong>Et si on s&rsquo;parlait du harc\u00e8lement \u00e0 l&rsquo;\u00e9cole &#8211; Qu&rsquo;est-ce que le harc\u00e8lement ?<\/strong><\/li>\n<\/ul>\n<p>Vid\u00e9o en introduction du site des petits citoyens : <strong><a href=\"https:\/\/youtu.be\/BEh8LugV9mc\">https:\/\/youtu.be\/BEh8LugV9mc<\/a><\/strong><\/p>\n<h3><span style=\"color: #993366;\"><em><strong>Articles :<\/strong><\/em><\/span><\/h3>\n<ul>\n<li><strong>Le point\u00a0: <\/strong><em>Harc\u00e8lement scolaire\u00a0: \u00ab\u00a0Je me suis excus\u00e9e un million de fois, mais c&rsquo;\u00e9tait trop tard\u00a0\u00bb<\/em><\/li>\n<\/ul>\n<p><strong><a href=\"https:\/\/www.lepoint.fr\/education\/harcelement-scolaire-je-me-suis-excusee-un-million-de-fois-mais-c-etait-trop-tard-07-11-2019-2345912_3584.php\">https:\/\/www.lepoint.fr\/education\/harcelement-scolaire-je-me-suis-excusee-un-million-de-fois-mais-c-etait-trop-tard-07-11-2019-2345912_3584.php<\/a><\/strong><\/p>\n<ul>\n<li>En alternative \u00e0 la seule sanction : <strong>la justice restaurative<\/strong> ( fondements et principes)<\/li>\n<\/ul>\n<p><a href=\"https:\/\/www.lechevalbleu.fr\/index.php\/violences\/57-la-justice-restaurative\">https:\/\/www.lechevalbleu.fr\/index.php\/violences\/57-la-justice-restaurative<\/a><\/p>\n<p>&nbsp;<\/p>\n<h3><em><span style=\"color: #993366;\"><strong>Bibliographie<\/strong> :<\/span><\/em><\/h3>\n<ul>\n<li><strong><em>Le harc\u00e8lement scolaire (en 100 questions)- <\/em><\/strong><em>Emmanuelle PIQUET<\/em><\/li>\n<\/ul>\n<p>Comment d\u00e9bute le harc\u00e8lement scolaire\u00a0? Quelles questions poser \u00e0 son enfant pour savoir s\u2019il en est victime\u00a0? Quels r\u00f4les les adultes-parents ou enseignants- peuvent-ils jouer\u00a0?<\/p>\n<ul>\n<li><strong><em>Je me d\u00e9fends du harc\u00e8lement\u00a0!<\/em><\/strong><em> Emmanuelle PIQUET<\/em><\/li>\n<\/ul>\n<p><em>Ce livre pr\u00e9sente 15 r\u00e9cits d\u2019enfants harcel\u00e9s qui trouvent des id\u00e9es, des solutions pour s\u2019en sortir\u00a0!<\/em><\/p>\n<ul>\n<li><strong><em>Condamn\u00e9 \u00e0 me tuer\u00a0! <\/em><\/strong><em>Jonathan DESTIN<\/em><\/li>\n<\/ul>\n<p>T\u00e9moignage d\u2019un enfant harcel\u00e9<\/p>\n<p><a href=\"https:\/\/www.xoeditions.com\/auteurs\/jonathan-destin\/\">https:\/\/www.xoeditions.com\/auteurs\/jonathan-destin\/<\/a><\/p>\n<h3><em><span style=\"color: #993366;\"><strong>Sites internet utiles<\/strong>\u00a0:<\/span><\/em><\/h3>\n<p>Site gouvernemental Non au Harc\u00e8lement\u00a0: <a href=\"https:\/\/www.nonauharcelement.education.gouv.fr\/\">https:\/\/www.nonauharcelement.education.gouv.fr\/<\/a><\/p>\n<p>Page Facebook associ\u00e9e\u00a0: <a href=\"https:\/\/www.facebook.com\/nonauharcelementalecole\/?fref=ts\">https:\/\/www.facebook.com\/nonauharcelementalecole\/?fref=ts<\/a><\/p>\n<p>Le site des petits citoyens\u00a0: <a href=\"https:\/\/lespetitscitoyens.com\/a-voir\/quest-ce-que-le-harcelement\/\">https:\/\/lespetitscitoyens.com\/a-voir\/quest-ce-que-le-harcelement\/<\/a><\/p>\n<h3><span style=\"color: #993366;\"><em>Ressources locales :<\/em><\/span><\/h3>\n<p>Dossier d\u00e9di\u00e9 au harc\u00e8lement sur le site d\u00e9partemental \u00ab\u00a0Questions de parents\u00a0\u00bb\u00a0: <a href=\"https:\/\/parents.loire-atlantique.fr\/dossiers\/harcelement-scolaire-un-enfant-sur-dix-est-concerne\/\">https:\/\/parents.loire-atlantique.fr\/dossiers\/harcelement-scolaire-un-enfant-sur-dix-est-concerne\/<\/a><\/p>\n<p>Direction des Services d\u00e9partementaux de l\u2019\u00e9ducation nationale\u00a0: <a href=\"https:\/\/www.dsden44.ac-nantes.fr\/scolarite-et-vie-de-l-eleve\/vie-a-l-ecole\/journee-nationale-de-lutte-contre-le-harcelement-de-nombreuses-actions-dans-le-departement-1231687.kjsp?RH=IA44\">https:\/\/www.dsden44.ac-nantes.fr\/scolarite-et-vie-de-l-eleve\/vie-a-l-ecole\/journee-nationale-de-lutte-contre-le-harcelement-de-nombreuses-actions-dans-le-departement-1231687.kjsp?RH=IA44<\/a><\/p>\n<p>La M\u00e9diation par les pairs au sein des coll\u00e8ges\u00a0: <a href=\"https:\/\/www.aroeven-paysdelaloire.fr\/la-mediation-par-les-pairs\/\">https:\/\/www.aroeven-paysdelaloire.fr\/la-mediation-par-les-pairs\/<\/a><\/p>\n","protected":false},"excerpt":{"rendered":"<p>Le harc\u00e8lement scolaire, parlons-en\u00a0! Comment rep\u00e9rer les signaux d\u2019alerte chez mon enfant\u00a0? Comment aborder le sujet avec lui\u00a0? Quel dialogue avec l\u2019\u00e9cole\u00a0? C&rsquo;\u00e9taient les premi\u00e8res questions que nous souhaitions aborder entre parents, d\u00e8s le 14 mars dernier. Le confinement li\u00e9 au Covid-19 ne nous a pas permis de tenir cette rencontre, pour autant nous vous [&hellip;]<\/p>\n","protected":false},"author":2,"featured_media":1951,"parent":0,"menu_order":0,"comment_status":"closed","ping_status":"closed","template":"","meta":{"footnotes":""},"class_list":["post-1950","page","type-page","status-publish","has-post-thumbnail","hentry"],"_links":{"self":[{"href":"https:\/\/www.asso-resppi.fr\/index.php\/wp-json\/wp\/v2\/pages\/1950","targetHints":{"allow":["GET"]}}],"collection":[{"href":"https:\/\/www.asso-resppi.fr\/index.php\/wp-json\/wp\/v2\/pages"}],"about":[{"href":"https:\/\/www.asso-resppi.fr\/index.php\/wp-json\/wp\/v2\/types\/page"}],"author":[{"embeddable":true,"href":"https:\/\/www.asso-resppi.fr\/index.php\/wp-json\/wp\/v2\/users\/2"}],"replies":[{"embeddable":true,"href":"https:\/\/www.asso-resppi.fr\/index.php\/wp-json\/wp\/v2\/comments?post=1950"}],"version-history":[{"count":3,"href":"https:\/\/www.asso-resppi.fr\/index.php\/wp-json\/wp\/v2\/pages\/1950\/revisions"}],"predecessor-version":[{"id":1954,"href":"https:\/\/www.asso-resppi.fr\/index.php\/wp-json\/wp\/v2\/pages\/1950\/revisions\/1954"}],"wp:featuredmedia":[{"embeddable":true,"href":"https:\/\/www.asso-resppi.fr\/index.php\/wp-json\/wp\/v2\/media\/1951"}],"wp:attachment":[{"href":"https:\/\/www.asso-resppi.fr\/index.php\/wp-json\/wp\/v2\/media?parent=1950"}],"curies":[{"name":"wp","href":"https:\/\/api.w.org\/{rel}","templated":true}]}}