{"id":2127,"date":"2021-04-28T20:25:39","date_gmt":"2021-04-28T18:25:39","guid":{"rendered":"https:\/\/www.asso-resppi.fr\/?page_id=2127"},"modified":"2023-05-09T10:08:22","modified_gmt":"2023-05-09T08:08:22","slug":"lalimentation-de-nos-enfants","status":"publish","type":"page","link":"https:\/\/www.asso-resppi.fr\/index.php\/themes_actions\/lalimentation-de-nos-enfants\/","title":{"rendered":"L&rsquo;alimentation de nos enfants"},"content":{"rendered":"<h1 class=\"title\"><em>Bien manger et se faire plaisir en famille, c&rsquo;est possible ?<\/em><\/h1>\n<p>En France, pays de tradition culinaire, manger est avant tout un plaisir. Un repas en famille, c\u2019est \u00e0 la fois un moment de partage convivial et, surtout pour les plus jeunes, un moment essentiel de socialisation\u00a0\u00bb. C&rsquo;est ce que nous disent les experts !<\/p>\n<p>Mais&#8230;au quotidien, bon nombre de parents, trouvent que ce n&rsquo;est pas aussi \u00e9vident que \u00e7a !<\/p>\n<ul>\n<li><em>Comment faire du repas un moment agr\u00e9able avec nos enfants, quel que soit leur \u00e2ge ?<\/em><\/li>\n<li><em>Comment amener nos enfants \u00e0 bien manger, \u00e0 go\u00fbter de tout et \u00e0 se faire plaisir ?<\/em><\/li>\n<li><em>Comment contourner les difficult\u00e9s rencontr\u00e9es parfois ?<\/em><\/li>\n<\/ul>\n<h3><em>Voici quelques ressources \u00e0 t\u00e9l\u00e9charger pour y voir plus clair ou simplement se rassurer !<\/em><\/h3>\n<ul>\n<li><strong><em>Bibliographie <\/em><\/strong>: Des guides \u00e0 t\u00e9l\u00e9charger gratuitement<\/li>\n<li style=\"list-style-type: none;\">\n<ul>\n<li>Le calendrier des produits de saison\u00a0:<a href=\"https:\/\/www.asso-resppi.fr\/index.php\/lalimentation-de-nos-enfants\/inpes_manger_bouger_pdf_produits_saison\/\" rel=\"attachment wp-att-2132\">inpes_manger_bouger_pdf_produits_saison<\/a><\/li>\n<li>A table tout le monde : <a href=\"https:\/\/www.asso-resppi.fr\/index.php\/lalimentation-de-nos-enfants\/livret-a-table-tout-le-monde_2019\/\" rel=\"attachment wp-att-2129\">livret.a.table.tout.le.monde_2019<\/a><\/li>\n<li>La sant\u00e9 vient en mangeant et en bougeant\u00a0: <a href=\"https:\/\/www.asso-resppi.fr\/index.php\/lalimentation-de-nos-enfants\/le-guide-nutrition-des-enfants-et-ados-pour-tous-les-parents\/\" rel=\"attachment wp-att-2130\">le-guide-nutrition-des-enfants-et-ados-pour-tous-les-parents<\/a><\/li>\n<li>50 petites astuces pour manger mieux et bouger plus ! : <a href=\"https:\/\/www.asso-resppi.fr\/index.php\/lalimentation-de-nos-enfants\/brochure_50_astuces\/\" rel=\"attachment wp-att-2131\">brochure_50_astuces<\/a><\/li>\n<li>je mange mieux, je bouge plus ( sp\u00e9cial ados) : <a href=\"https:\/\/www.asso-resppi.fr\/index.php\/lalimentation-de-nos-enfants\/attachment\/1858\/\" rel=\"attachment wp-att-2133\">1858<\/a><\/li>\n<\/ul>\n<\/li>\n<\/ul>\n<ul>\n<li><strong><em>Articles et sites internet utiles\u00a0: <\/em><\/strong><\/li>\n<\/ul>\n<p>Extrait du site \u00ab\u00a0 na\u00eetre et grandir\u00a0\u00bb\u00a0: <a href=\"https:\/\/naitreetgrandir.com\/fr\/etape\/1_3_ans\/alimentation\/fiche.aspx?doc=ik-naitre-grandir-heure-repas-difficile\">https:\/\/naitreetgrandir.com\/fr\/etape\/1_3_ans\/alimentation\/fiche.aspx?doc=ik-naitre-grandir-heure-repas-difficile<\/a><\/p>\n<p><strong><em>Dossier d\u00e9di\u00e9\u00a0: \u00ab\u00a0Quand l&rsquo;heure des repas est difficile\u00a0\u00bb <\/em><\/strong><\/p>\n<ul>\n<li>Pourquoi les enfants, ne mangent-ils pas, comme on le souhaiterait\u00a0?<\/li>\n<li>Des attentes irr\u00e9alistes lors des repas<\/li>\n<li>Comment am\u00e9liorer ses habitudes alimentaires<\/li>\n<\/ul>\n<p>Le site\u00a0\u00ab\u00a0manger, bouger.fr\u00a0\u00bb\u00a0: <a href=\"https:\/\/www.mangerbouger.fr\/Manger-mieux\">https:\/\/www.mangerbouger.fr\/Manger-mieux<\/a><\/p>\n<p>Avec des d\u00e9clinaisons par \u00e2ge\u00a0:<\/p>\n<ul>\n<li>Pour les bambins\u00a0: <a href=\"https:\/\/www.mangerbouger.fr\/Le-Mag\/Le-coin-des-bambins\/Des-idees-de-recettes-pour-cuisiner-avec-les-enfants\">https:\/\/www.mangerbouger.fr\/Le-Mag\/Le-coin-des-bambins\/Des-idees-de-recettes-pour-cuisiner-avec-les-enfants<\/a><\/li>\n<li>Pour les ados\u00a0: <a href=\"https:\/\/www.mangerbouger.fr\/Manger-mieux\/Manger-mieux-a-tout-age\/Adolescents\">https:\/\/www.mangerbouger.fr\/Manger-mieux\/Manger-mieux-a-tout-age\/Adolescents<\/a><\/li>\n<\/ul>\n<p><strong><em>Ressources locales<\/em><\/strong> :<\/p>\n<p>Le site d\u00e9partemental\u00a0 \u00ab\u00a0Questions de parents\u00a0\u00bb<\/p>\n<p><em>L\u2019alimentation des petiots (de 0 \u00e0 6 ans)<\/em> : <a href=\"https:\/\/parents.loire-atlantique.fr\/petite-enfance-0-a-6-ans\/le-developpement-de-l-enfant\/l-alimentation\/\">https:\/\/parents.loire-atlantique.fr\/petite-enfance-0-a-6-ans\/le-developpement-de-l-enfant\/l-alimentation\/<\/a><\/p>\n<p>Site \u00ab\u00a0Programme Malin, pour bien grandir\u00a0\u00bb\u00a0: <a href=\"https:\/\/www.programme-malin.com\/\">https:\/\/www.programme-malin.com\/<\/a><\/p>\n<p><em>Pour les parents d\u2019enfants de 0 \u00e0 6 ans<\/em><\/p>\n<p>L\u2019alimentation des enfants (7 \u00e0 11 ans)\u00a0: <a href=\"https:\/\/parents.loire-atlantique.fr\/enfance-7-a-11-ans\/le-developpement-de-l-enfant\/le-bien-etre-des-enfants-7-a-11-ans\/\">https:\/\/parents.loire-atlantique.fr\/enfance-7-a-11-ans\/le-developpement-de-l-enfant\/l-alimentation\/\/<\/a><\/p>\n","protected":false},"excerpt":{"rendered":"<p>Bien manger et se faire plaisir en famille, c&rsquo;est possible ? En France, pays de tradition culinaire, manger est avant tout un plaisir. Un repas en famille, c\u2019est \u00e0 la fois un moment de partage convivial et, surtout pour les plus jeunes, un moment essentiel de socialisation\u00a0\u00bb. C&rsquo;est ce que nous disent les experts ! [&hellip;]<\/p>\n","protected":false},"author":2,"featured_media":2141,"parent":14,"menu_order":0,"comment_status":"closed","ping_status":"closed","template":"","meta":{"footnotes":""},"class_list":["post-2127","page","type-page","status-publish","has-post-thumbnail","hentry"],"_links":{"self":[{"href":"https:\/\/www.asso-resppi.fr\/index.php\/wp-json\/wp\/v2\/pages\/2127","targetHints":{"allow":["GET"]}}],"collection":[{"href":"https:\/\/www.asso-resppi.fr\/index.php\/wp-json\/wp\/v2\/pages"}],"about":[{"href":"https:\/\/www.asso-resppi.fr\/index.php\/wp-json\/wp\/v2\/types\/page"}],"author":[{"embeddable":true,"href":"https:\/\/www.asso-resppi.fr\/index.php\/wp-json\/wp\/v2\/users\/2"}],"replies":[{"embeddable":true,"href":"https:\/\/www.asso-resppi.fr\/index.php\/wp-json\/wp\/v2\/comments?post=2127"}],"version-history":[{"count":8,"href":"https:\/\/www.asso-resppi.fr\/index.php\/wp-json\/wp\/v2\/pages\/2127\/revisions"}],"predecessor-version":[{"id":2140,"href":"https:\/\/www.asso-resppi.fr\/index.php\/wp-json\/wp\/v2\/pages\/2127\/revisions\/2140"}],"up":[{"embeddable":true,"href":"https:\/\/www.asso-resppi.fr\/index.php\/wp-json\/wp\/v2\/pages\/14"}],"wp:featuredmedia":[{"embeddable":true,"href":"https:\/\/www.asso-resppi.fr\/index.php\/wp-json\/wp\/v2\/media\/2141"}],"wp:attachment":[{"href":"https:\/\/www.asso-resppi.fr\/index.php\/wp-json\/wp\/v2\/media?parent=2127"}],"curies":[{"name":"wp","href":"https:\/\/api.w.org\/{rel}","templated":true}]}}