{"id":68,"date":"2018-01-26T19:19:31","date_gmt":"2018-01-26T18:19:31","guid":{"rendered":"https:\/\/www.asso-resppi.fr\/?page_id=68"},"modified":"2019-09-13T21:16:08","modified_gmt":"2019-09-13T19:16:08","slug":"nous-contacter","status":"publish","type":"page","link":"https:\/\/www.asso-resppi.fr\/index.php\/a-propos-du-site\/nous-contacter\/","title":{"rendered":"Nous contacter"},"content":{"rendered":"<p style=\"text-align: left;\">\u00a0[wpforms id=\u00a0\u00bb1496&Prime; title=\u00a0\u00bbfalse\u00a0\u00bb description=\u00a0\u00bbfalse\u00a0\u00bb]<\/p>\n<p>&nbsp;<\/p>\n<hr \/>\n<p><a href=\"https:\/\/www.asso-resppi.fr\/index.php\/a-propos-du-site\/nous-contacter\/contact-mail\/\" rel=\"attachment wp-att-157\"><img loading=\"lazy\" decoding=\"async\" class=\" wp-image-157 alignleft\" src=\"https:\/\/www.asso-resppi.fr\/wp-content\/uploads\/2018\/01\/contact-mail-300x160.png\" alt=\"\" width=\"244\" height=\"130\" srcset=\"https:\/\/www.asso-resppi.fr\/wp-content\/uploads\/2018\/01\/contact-mail-300x160.png 300w, https:\/\/www.asso-resppi.fr\/wp-content\/uploads\/2018\/01\/contact-mail.png 450w\" sizes=\"auto, (max-width: 244px) 100vw, 244px\" \/><\/a><\/p>\n<p>T\u00e9l\u00e9phone : 06 62 37 19 78<br \/>\nEmail : asso.resppi[arobase]gmail.com<\/p>\n<p>&nbsp;<\/p>\n<p>&nbsp;<\/p>\n<p>&nbsp;<\/p>\n<h3>Mentions L\u00e9gales<\/h3>\n<p>Ce site est la propri\u00e9t\u00e9 de l&rsquo;association Res&rsquo;PPI &#8211; R\u00e9seau des Parents Parfaitement Imparfaits. Tous les droits de reproduction sont r\u00e9serv\u00e9s, y compris pour les documents t\u00e9l\u00e9chargeables et les pr\u00e9sentations graphiques et photographiques. La reproduction de tout ou partie de ce site sur un support \u00e9lectronique ou papier quel qu\u2019il soit est formellement interdite, sauf autorisation expresse du responsable de la publication. Les marques cit\u00e9es sur ce site sont d\u00e9pos\u00e9es par les soci\u00e9t\u00e9s qui en sont propri\u00e9taires.<\/p>\n<h4>Si\u00e8ge social<\/h4>\n<p>Association Res&rsquo;PPI \u2013 9 rue de la Pyramide \u2013 44230 Saint S\u00e9bastien sur Loire<br \/>\nAssociation sans but lucratif, loi 1901, d\u00e9clar\u00e9e aupr\u00e8s de la Pr\u00e9fecture de Loire Atlantique<\/p>\n<h4>Responsables de la publication<\/h4>\n<p>Josette Lemasson et Neirouz Soussi<br \/>\nT\u00e9l\u00e9phone : 06 62 37 19 78 &#8211; Email : asso.resppi[arobase]gmail.com<\/p>\n<h4>H\u00e9bergeur<\/h4>\n<p>OVH &#8211;\u00a0 2 rue Kellermann &#8211; 59100 Roubaix &#8211; France<\/p>\n","protected":false},"excerpt":{"rendered":"<p>\u00a0[wpforms id=\u00a0\u00bb1496&Prime; title=\u00a0\u00bbfalse\u00a0\u00bb description=\u00a0\u00bbfalse\u00a0\u00bb] &nbsp; T\u00e9l\u00e9phone : 06 62 37 19 78 Email : asso.resppi[arobase]gmail.com &nbsp; &nbsp; &nbsp; Mentions L\u00e9gales Ce site est la propri\u00e9t\u00e9 de l&rsquo;association Res&rsquo;PPI &#8211; R\u00e9seau des Parents Parfaitement Imparfaits. Tous les droits de reproduction sont r\u00e9serv\u00e9s, y compris pour les documents t\u00e9l\u00e9chargeables et les pr\u00e9sentations graphiques et photographiques. La reproduction [&hellip;]<\/p>\n","protected":false},"author":2,"featured_media":0,"parent":355,"menu_order":0,"comment_status":"closed","ping_status":"closed","template":"","meta":{"footnotes":""},"class_list":["post-68","page","type-page","status-publish","hentry"],"_links":{"self":[{"href":"https:\/\/www.asso-resppi.fr\/index.php\/wp-json\/wp\/v2\/pages\/68","targetHints":{"allow":["GET"]}}],"collection":[{"href":"https:\/\/www.asso-resppi.fr\/index.php\/wp-json\/wp\/v2\/pages"}],"about":[{"href":"https:\/\/www.asso-resppi.fr\/index.php\/wp-json\/wp\/v2\/types\/page"}],"author":[{"embeddable":true,"href":"https:\/\/www.asso-resppi.fr\/index.php\/wp-json\/wp\/v2\/users\/2"}],"replies":[{"embeddable":true,"href":"https:\/\/www.asso-resppi.fr\/index.php\/wp-json\/wp\/v2\/comments?post=68"}],"version-history":[{"count":16,"href":"https:\/\/www.asso-resppi.fr\/index.php\/wp-json\/wp\/v2\/pages\/68\/revisions"}],"predecessor-version":[{"id":1497,"href":"https:\/\/www.asso-resppi.fr\/index.php\/wp-json\/wp\/v2\/pages\/68\/revisions\/1497"}],"up":[{"embeddable":true,"href":"https:\/\/www.asso-resppi.fr\/index.php\/wp-json\/wp\/v2\/pages\/355"}],"wp:attachment":[{"href":"https:\/\/www.asso-resppi.fr\/index.php\/wp-json\/wp\/v2\/media?parent=68"}],"curies":[{"name":"wp","href":"https:\/\/api.w.org\/{rel}","templated":true}]}}